CRAN Package Check Results for Package attempt

Last updated on 2024-07-16 05:55:46 CEST.

Flavor Version Tinstall Tcheck Ttotal Status Flags
r-devel-linux-x86_64-debian-clang 0.3.1 2.71 45.07 47.78 NOTE
r-devel-linux-x86_64-debian-gcc 0.3.1 2.16 35.40 37.56 NOTE
r-devel-linux-x86_64-fedora-clang 0.3.1 62.91 NOTE
r-devel-linux-x86_64-fedora-gcc 0.3.1 73.24 NOTE
r-devel-windows-x86_64 0.3.1 5.00 60.00 65.00 NOTE
r-patched-linux-x86_64 0.3.1 2.57 43.72 46.29 NOTE
r-release-linux-x86_64 0.3.1 2.07 43.49 45.56 NOTE
r-release-macos-arm64 0.3.1 32.00 NOTE
r-release-macos-x86_64 0.3.1 47.00 NOTE
r-release-windows-x86_64 0.3.1 4.00 60.00 64.00 NOTE
r-oldrel-macos-arm64 0.3.1 33.00 NOTE
r-oldrel-macos-x86_64 0.3.1 45.00 NOTE
r-oldrel-windows-x86_64 0.3.1 4.00 63.00 67.00 NOTE

Check Details

Version: 0.3.1
Check: LazyData
Result: NOTE 'LazyData' is specified without a 'data' directory Flavors: r-devel-linux-x86_64-debian-clang, r-devel-linux-x86_64-debian-gcc, r-devel-linux-x86_64-fedora-clang, r-devel-linux-x86_64-fedora-gcc, r-devel-windows-x86_64, r-patched-linux-x86_64, r-release-linux-x86_64, r-release-macos-arm64, r-release-macos-x86_64, r-release-windows-x86_64, r-oldrel-macos-arm64, r-oldrel-macos-x86_64, r-oldrel-windows-x86_64