CRAN Package Check Results for Package audio

Last updated on 2019-09-19 05:47:12 CEST.

Flavor Version Tinstall Tcheck Ttotal Status Flags
r-devel-linux-x86_64-debian-clang 0.1-6 6.26 19.47 25.73 WARN
r-devel-linux-x86_64-debian-gcc 0.1-6 4.08 15.79 19.87 WARN
r-devel-linux-x86_64-fedora-clang 0.1-6 33.65 WARN
r-devel-linux-x86_64-fedora-gcc 0.1-6 30.74 WARN
r-devel-windows-ix86+x86_64 0.1-6 27.00 54.00 81.00 OK
r-patched-linux-x86_64 0.1-6 4.31 19.61 23.92 WARN
r-patched-solaris-x86 0.1-6 72.60 OK
r-release-linux-x86_64 0.1-6 4.43 19.78 24.21 WARN
r-release-windows-ix86+x86_64 0.1-6 15.00 48.00 63.00 OK
r-release-osx-x86_64 0.1-6 WARN
r-oldrel-windows-ix86+x86_64 0.1-6 16.00 33.00 49.00 OK
r-oldrel-osx-x86_64 0.1-6 WARN

Additional issues

rchk valgrind

Check Details

Version: 0.1-6
Check: whether package can be installed
Result: WARN
    Found the following significant warnings:
     'config' variable 'CPP' is deprecated
     pa.c:247:2: warning: incompatible pointer types initializing 'struct audio_instance *(*)(SEXP, float, int)' (aka 'struct audio_instance *(*)(struct SEXPREC *, float, int)') with an expression of type 'void *(SEXP, float, int)' (aka 'void *(struct SEXPREC *, float, int)') [-Wincompatible-pointer-types]
Flavor: r-devel-linux-x86_64-debian-clang

Version: 0.1-6
Check: compiled code
Result: NOTE
    File 'audio/libs/audio.so':
     Found non-API call to R: 'R_checkActivity'
    
    Compiled code should not call non-API entry points in R.
    
    See 'Writing portable packages' in the 'Writing R Extensions' manual.
Flavors: r-devel-linux-x86_64-debian-clang, r-devel-linux-x86_64-debian-gcc, r-patched-linux-x86_64, r-release-linux-x86_64

Version: 0.1-6
Check: whether package can be installed
Result: WARN
    Found the following significant warnings:
     'config' variable 'CPP' is deprecated
     pa.c:247:2: warning: initialization of ‘struct audio_instance * (*)(struct SEXPREC *, float, int)’ from incompatible pointer type ‘void * (*)(struct SEXPREC *, float, int)’ [-Wincompatible-pointer-types]
Flavor: r-devel-linux-x86_64-debian-gcc

Version: 0.1-6
Check: whether package can be installed
Result: WARN
    Found the following significant warnings:
     'config' variable 'CPP' is deprecated
Flavors: r-devel-linux-x86_64-fedora-clang, r-devel-linux-x86_64-fedora-gcc

Version: 0.1-6
Check: compiled code
Result: NOTE
    File ‘audio/libs/audio.so’:
     Found no calls to: ‘R_registerRoutines’, ‘R_useDynamicSymbols’
    
    It is good practice to register native routines and to disable symbol
    search.
    
    See ‘Writing portable packages’ in the ‘Writing R Extensions’ manual.
Flavors: r-devel-linux-x86_64-fedora-clang, r-devel-linux-x86_64-fedora-gcc

Version: 0.1-6
Check: whether package can be installed
Result: WARN
    Found the following significant warnings:
     pa.c:247:2: warning: initialization of ‘struct audio_instance * (*)(struct SEXPREC *, float, int)’ from incompatible pointer type ‘void * (*)(struct SEXPREC *, float, int)’ [-Wincompatible-pointer-types]
Flavors: r-patched-linux-x86_64, r-release-linux-x86_64

Version: 0.1-6
Check: whether package can be installed
Result: WARN
    Found the following significant warnings:
     au.c:375:2: warning: incompatible pointer types initializing 'struct audio_instance *(*)(SEXP, float, int)' (aka 'struct audio_instance *(*)(struct SEXPREC *, float, int)') with an expression of type 'au_instance_t *(SEXP, float, int)' (aka 'struct au_instance *(struct SEXPREC *, float, int)') [-Wincompatible-pointer-types]
     au.c:376:2: warning: incompatible pointer types initializing 'struct audio_instance *(*)(SEXP, float, int, int)' (aka 'struct audio_instance *(*)(struct SEXPREC *, float, int, int)') with an expression of type 'au_instance_t *(SEXP, float, int, int)' (aka 'struct au_instance *(struct SEXPREC *, float, int, int)') [-Wincompatible-pointer-types]
Flavors: r-release-osx-x86_64, r-oldrel-osx-x86_64