CRAN Package Check Results for Package autoFRK

Last updated on 2019-07-16 05:48:04 CEST.

Flavor Version Tinstall Tcheck Ttotal Status Flags
r-devel-linux-x86_64-debian-clang 1.1.0 50.06 87.27 137.33 OK
r-devel-linux-x86_64-debian-gcc 1.1.0 45.35 71.42 116.77 OK
r-devel-linux-x86_64-fedora-clang 1.1.0 156.61 NOTE
r-devel-linux-x86_64-fedora-gcc 1.1.0 159.78 OK
r-devel-windows-ix86+x86_64 1.1.0 133.00 125.00 258.00 OK
r-patched-linux-x86_64 1.1.0 52.11 86.24 138.35 OK
r-patched-solaris-x86 1.1.0 225.90 OK
r-release-linux-x86_64 1.1.0 52.46 85.10 137.56 OK
r-release-windows-ix86+x86_64 1.1.0 80.00 176.00 256.00 OK
r-release-osx-x86_64 1.1.0 NOTE
r-oldrel-windows-ix86+x86_64 1.1.0 116.00 122.00 238.00 OK
r-oldrel-osx-x86_64 1.1.0 NOTE

Check Details

Version: 1.1.0
Check: installed package size
Result: NOTE
     installed size is 13.3Mb
     sub-directories of 1Mb or more:
     libs 13.0Mb
Flavors: r-devel-linux-x86_64-fedora-clang, r-release-osx-x86_64, r-oldrel-osx-x86_64