CRAN Package Check Results for Package autoFRK

Last updated on 2019-09-17 05:47:02 CEST.

Flavor Version Tinstall Tcheck Ttotal Status Flags
r-devel-linux-x86_64-debian-clang 1.1.0 49.85 90.92 140.77 OK
r-devel-linux-x86_64-debian-gcc 1.1.0 OK
r-devel-linux-x86_64-fedora-clang 1.1.0 201.29 NOTE
r-devel-linux-x86_64-fedora-gcc 1.1.0 184.55 OK
r-devel-windows-ix86+x86_64 1.1.0 139.00 139.00 278.00 OK
r-patched-linux-x86_64 1.1.0 48.90 89.48 138.38 OK
r-patched-solaris-x86 1.1.0 223.50 OK
r-release-linux-x86_64 1.1.0 50.98 88.97 139.95 OK
r-release-windows-ix86+x86_64 1.1.0 96.00 130.00 226.00 OK
r-release-osx-x86_64 1.1.0 NOTE
r-oldrel-windows-ix86+x86_64 1.1.0 115.00 132.00 247.00 OK
r-oldrel-osx-x86_64 1.1.0 NOTE

Check Details

Version: 1.1.0
Check: installed package size
Result: NOTE
     installed size is 13.4Mb
     sub-directories of 1Mb or more:
     libs 13.2Mb
Flavors: r-devel-linux-x86_64-fedora-clang, r-release-osx-x86_64, r-oldrel-osx-x86_64