CRAN Package Check Results for Package autoFRK

Last updated on 2020-02-20 05:48:15 CET.

Flavor Version Tinstall Tcheck Ttotal Status Flags
r-devel-linux-x86_64-debian-clang 1.2.0 59.16 100.43 159.59 OK
r-devel-linux-x86_64-debian-gcc 1.2.0 42.81 77.40 120.21 OK
r-devel-linux-x86_64-fedora-clang 1.2.0 198.07 NOTE
r-devel-linux-x86_64-fedora-gcc 1.2.0 197.22 OK
r-devel-windows-ix86+x86_64 1.2.0 101.00 140.00 241.00 OK
r-devel-windows-ix86+x86_64-gcc8 1.2.0 160.00 194.00 354.00 OK
r-patched-linux-x86_64 1.2.0 50.91 86.99 137.90 OK
r-patched-solaris-x86 1.2.0 216.30 OK
r-release-linux-x86_64 1.2.0 48.31 86.27 134.58 OK
r-release-windows-ix86+x86_64 1.2.0 95.00 136.00 231.00 OK
r-release-osx-x86_64 1.2.0 NOTE
r-oldrel-windows-ix86+x86_64 1.2.0 80.00 137.00 217.00 OK
r-oldrel-osx-x86_64 1.2.0 NOTE

Check Details

Version: 1.2.0
Check: installed package size
Result: NOTE
     installed size is 13.4Mb
     sub-directories of 1Mb or more:
     libs 13.2Mb
Flavors: r-devel-linux-x86_64-fedora-clang, r-release-osx-x86_64, r-oldrel-osx-x86_64