CRAN Package Check Results for Package autoFRK

Last updated on 2021-10-15 05:53:42 CEST.

Flavor Version Tinstall Tcheck Ttotal Status Flags
r-devel-linux-x86_64-debian-clang 1.4.3 60.57 129.13 189.70 OK
r-devel-linux-x86_64-debian-gcc 1.4.3 48.44 93.62 142.06 OK
r-devel-linux-x86_64-fedora-clang 1.4.3 260.18 NOTE
r-devel-linux-x86_64-fedora-gcc 1.4.3 236.31 OK
r-devel-windows-x86_64 1.4.3 75.00 114.00 189.00 OK
r-devel-windows-x86_64-gcc10-UCRT 1.4.3 OK
r-patched-linux-x86_64 1.4.3 57.19 120.42 177.61 OK
r-patched-solaris-x86 1.4.3 276.10 OK
r-release-linux-x86_64 1.4.3 57.72 120.14 177.86 OK
r-release-macos-arm64 1.4.3 NOTE
r-release-macos-x86_64 1.4.3 NOTE
r-release-windows-ix86+x86_64 1.4.3 145.00 202.00 347.00 OK
r-oldrel-macos-x86_64 1.4.3 NOTE
r-oldrel-windows-ix86+x86_64 1.4.3 145.00 211.00 356.00 OK

Check Details

Version: 1.4.3
Check: installed package size
Result: NOTE
     installed size is 15.6Mb
     sub-directories of 1Mb or more:
     libs 15.4Mb
Flavors: r-devel-linux-x86_64-fedora-clang, r-release-macos-arm64, r-release-macos-x86_64, r-oldrel-macos-x86_64