CRAN Package Check Results for Package autohd

Last updated on 2021-12-04 05:57:05 CET.

Flavor Version Tinstall Tcheck Ttotal Status Flags
r-devel-linux-x86_64-debian-clang 0.1.0 15.19 126.93 142.12 OK
r-devel-linux-x86_64-debian-gcc 0.1.0 13.54 101.57 115.11 OK
r-devel-linux-x86_64-fedora-clang 0.1.0 189.58 NOTE
r-devel-linux-x86_64-fedora-gcc 0.1.0 174.50 NOTE
r-devel-windows-x86_64-new-UL 0.1.0 28.00 162.00 190.00 OK
r-devel-windows-x86_64-new-TK 0.1.0 NOTE
r-devel-windows-x86_64-old 0.1.0 25.00 109.00 134.00 OK
r-patched-linux-x86_64 0.1.0 16.77 119.44 136.21 OK
r-release-linux-x86_64 0.1.0 15.28 119.98 135.26 OK
r-release-macos-arm64 0.1.0 NOTE
r-release-macos-x86_64 0.1.0 NOTE
r-release-windows-ix86+x86_64 0.1.0 36.00 153.00 189.00 OK
r-oldrel-macos-x86_64 0.1.0 NOTE
r-oldrel-windows-ix86+x86_64 0.1.0 35.00 143.00 178.00 OK

Check Details

Version: 0.1.0
Check: dependencies in R code
Result: NOTE
    Namespaces in Imports field not imported from:
     ‘Hmisc’ ‘broom’ ‘tibble’ ‘usethis’
     All declared Imports should be used.
Flavors: r-devel-linux-x86_64-fedora-clang, r-devel-linux-x86_64-fedora-gcc, r-devel-windows-x86_64-new-TK, r-release-macos-arm64, r-release-macos-x86_64, r-oldrel-macos-x86_64