CRAN Package Check Results for Package aws.alexa

Last updated on 2022-01-20 05:50:15 CET.

Flavor Version Tinstall Tcheck Ttotal Status Flags
r-devel-linux-x86_64-debian-clang 0.1.8 NOTE
r-devel-linux-x86_64-debian-gcc 0.1.8 3.49 42.57 46.06 NOTE
r-devel-linux-x86_64-fedora-clang 0.1.8 73.16 NOTE
r-devel-linux-x86_64-fedora-gcc 0.1.8 60.75 NOTE
r-devel-windows-x86_64-new-UL 0.1.8 35.00 96.00 131.00 NOTE
r-devel-windows-x86_64-new-TK 0.1.8 NOTE
r-patched-linux-x86_64 0.1.8 4.42 52.13 56.55 NOTE
r-release-linux-x86_64 0.1.8 NOTE
r-release-macos-arm64 0.1.8 NOTE
r-release-macos-x86_64 0.1.8 NOTE
r-release-windows-ix86+x86_64 0.1.8 16.00 80.00 96.00 NOTE
r-oldrel-macos-x86_64 0.1.8 OK
r-oldrel-windows-ix86+x86_64 0.1.8 17.00 79.00 96.00 OK

Check Details

Version: 0.1.8
Check: LazyData
Result: NOTE
     'LazyData' is specified without a 'data' directory
Flavors: r-devel-linux-x86_64-debian-clang, r-devel-linux-x86_64-debian-gcc, r-devel-linux-x86_64-fedora-clang, r-devel-linux-x86_64-fedora-gcc, r-devel-windows-x86_64-new-UL, r-devel-windows-x86_64-new-TK, r-patched-linux-x86_64, r-release-linux-x86_64, r-release-macos-arm64, r-release-macos-x86_64, r-release-windows-ix86+x86_64