CRAN Package Check Results for Package babette

Last updated on 2022-01-28 05:48:50 CET.

Flavor Version Tinstall Tcheck Ttotal Status Flags
r-devel-linux-x86_64-debian-clang 2.3 3.48 70.91 74.39 OK
r-devel-linux-x86_64-debian-gcc 2.3 3.37 55.99 59.36 OK
r-devel-linux-x86_64-fedora-clang 2.3 90.81 OK
r-devel-linux-x86_64-fedora-gcc 2.3 80.75 OK
r-devel-windows-x86_64-new-UL 2.3 526.00 122.00 648.00 OK
r-devel-windows-x86_64-new-TK 2.3 OK
r-patched-linux-x86_64 2.3 10.12 62.90 73.02 OK
r-release-linux-x86_64 2.3 2.66 61.25 63.91 OK
r-release-macos-arm64 2.3 OK
r-release-macos-x86_64 2.3 OK
r-release-windows-ix86+x86_64 2.3 11.00 65.00 76.00 WARN
r-oldrel-macos-x86_64 2.3 OK
r-oldrel-windows-ix86+x86_64 2.3 11.00 65.00 76.00 WARN

Check Details

Version: 2.3
Check: re-building of vignette outputs
Result: WARN
    Error(s) in re-building vignettes:
    --- re-building 'demo.Rmd' using rmarkdown
    Quitting from lines 21-34 (demo.Rmd)
    Error: processing vignette 'demo.Rmd' failed with diagnostics:
    Files found in beautier folder.
    beautier_folder: C:\Users\CRAN\AppData\Local/beautier/beautier/Cache
    length(list.files(beautier_folder))): 3
    head(list.files(beautier_folder)): C:\Users\CRAN\AppData\Local/beautier/beautier/Cache/file13670ff35c02,C:\Users\CRAN\AppData\Local/beautier/beautier/Cache/file178c45757dd,C:\Users\CRAN\AppData\Local/beautier/beautier/Cache/fileb9f87bd32678
    --- failed re-building 'demo.Rmd'
    
    --- re-building 'examples.Rmd' using rmarkdown
    Quitting from lines 20-22 (examples.Rmd)
    Error: processing vignette 'examples.Rmd' failed with diagnostics:
    Files found in beautier folder.
    beautier_folder: C:\Users\CRAN\AppData\Local/beautier/beautier/Cache
    length(list.files(beautier_folder))): 3
    head(list.files(beautier_folder)): C:\Users\CRAN\AppData\Local/beautier/beautier/Cache/file13670ff35c02,C:\Users\CRAN\AppData\Local/beautier/beautier/Cache/file178c45757dd,C:\Users\CRAN\AppData\Local/beautier/beautier/Cache/fileb9f87bd32678
    --- failed re-building 'examples.Rmd'
    
    --- re-building 'nested_sampling.Rmd' using rmarkdown
    Quitting from lines 20-22 (nested_sampling.Rmd)
    Error: processing vignette 'nested_sampling.Rmd' failed with diagnostics:
    Files found in beautier folder.
    beautier_folder: C:\Users\CRAN\AppData\Local/beautier/beautier/Cache
    length(list.files(beautier_folder))): 3
    head(list.files(beautier_folder)): C:\Users\CRAN\AppData\Local/beautier/beautier/Cache/file13670ff35c02,C:\Users\CRAN\AppData\Local/beautier/beautier/Cache/file178c45757dd,C:\Users\CRAN\AppData\Local/beautier/beautier/Cache/fileb9f87bd32678
    --- failed re-building 'nested_sampling.Rmd'
    
    --- re-building 'step_by_step.Rmd' using rmarkdown
    Quitting from lines 20-23 (step_by_step.Rmd)
    Error: processing vignette 'step_by_step.Rmd' failed with diagnostics:
    Files found in beautier folder.
    beautier_folder: C:\Users\CRAN\AppData\Local/beautier/beautier/Cache
    length(list.files(beautier_folder))): 3
    head(list.files(beautier_folder)): C:\Users\CRAN\AppData\Local/beautier/beautier/Cache/file13670ff35c02,C:\Users\CRAN\AppData\Local/beautier/beautier/Cache/file178c45757dd,C:\Users\CRAN\AppData\Local/beautier/beautier/Cache/fileb9f87bd32678
    --- failed re-building 'step_by_step.Rmd'
    
    --- re-building 'tutorial.Rmd' using rmarkdown
    Quitting from lines 21-23 (tutorial.Rmd)
    Error: processing vignette 'tutorial.Rmd' failed with diagnostics:
    Files found in beautier folder.
    beautier_folder: C:\Users\CRAN\AppData\Local/beautier/beautier/Cache
    length(list.files(beautier_folder))): 3
    head(list.files(beautier_folder)): C:\Users\CRAN\AppData\Local/beautier/beautier/Cache/file13670ff35c02,C:\Users\CRAN\AppData\Local/beautier/beautier/Cache/file178c45757dd,C:\Users\CRAN\AppData\Local/beautier/beautier/Cache/fileb9f87bd32678
    --- failed re-building 'tutorial.Rmd'
    
    SUMMARY: processing the following files failed:
     'demo.Rmd' 'examples.Rmd' 'nested_sampling.Rmd' 'step_by_step.Rmd'
     'tutorial.Rmd'
    
    Error: Vignette re-building failed.
    Execution halted
Flavors: r-release-windows-ix86+x86_64, r-oldrel-windows-ix86+x86_64