CRAN Package Check Results for Package baggr

Last updated on 2024-06-13 06:57:54 CEST.

Flavor Version Tinstall Tcheck Ttotal Status Flags
r-devel-linux-x86_64-debian-clang 0.7.8 852.80 367.38 1220.18 OK
r-devel-linux-x86_64-debian-gcc 0.7.8 0.77 1.76 2.53 ERROR
r-devel-linux-x86_64-fedora-clang 0.7.8 1463.09 NOTE
r-devel-linux-x86_64-fedora-gcc 0.7.8 2068.10 NOTE
r-devel-windows-x86_64 0.7.8 616.00 351.00 967.00 NOTE
r-patched-linux-x86_64 0.7.8 0.02 3.13 3.15 ERROR
r-release-linux-x86_64 0.7.8 0.01 3.11 3.12 ERROR
r-release-macos-arm64 0.7.8 358.00 NOTE
r-release-macos-x86_64 0.7.8 422.00 NOTE
r-release-windows-x86_64 0.7.8 623.00 349.00 972.00 NOTE
r-oldrel-macos-arm64 0.7.8 346.00 NOTE
r-oldrel-macos-x86_64 0.7.8 482.00 NOTE
r-oldrel-windows-x86_64 0.7.8 820.00 475.00 1295.00 NOTE

Check Details

Version: 0.7.8
Check: package dependencies
Result: ERROR Packages required but not available: 'rstan', 'bayesplot', 'ggplot2', 'ggplotify', 'ggrepel', 'testthat' See section ‘The DESCRIPTION file’ in the ‘Writing R Extensions’ manual. Flavor: r-devel-linux-x86_64-debian-gcc

Version: 0.7.8
Check: installed package size
Result: NOTE installed size is 9.0Mb sub-directories of 1Mb or more: libs 7.2Mb Flavors: r-devel-linux-x86_64-fedora-clang, r-devel-windows-x86_64, r-release-macos-arm64, r-release-macos-x86_64, r-release-windows-x86_64, r-oldrel-macos-arm64, r-oldrel-macos-x86_64, r-oldrel-windows-x86_64

Version: 0.7.8
Check: for GNU extensions in Makefiles
Result: NOTE GNU make is a SystemRequirements. Flavors: r-devel-linux-x86_64-fedora-clang, r-devel-linux-x86_64-fedora-gcc, r-release-macos-arm64, r-release-macos-x86_64, r-oldrel-macos-arm64, r-oldrel-macos-x86_64

Version: 0.7.8
Check: whether package can be installed
Result: ERROR Installation failed. Flavors: r-patched-linux-x86_64, r-release-linux-x86_64