CRAN Package Check Results for Package baggr

Last updated on 2020-05-30 05:47:56 CEST.

Flavor Version Tinstall Tcheck Ttotal Status Flags
r-devel-linux-x86_64-debian-clang 0.4.0 536.94 553.84 1090.78 NOTE
r-devel-linux-x86_64-debian-gcc 0.4.0 552.44 435.09 987.53 NOTE
r-devel-linux-x86_64-fedora-clang 0.4.0 1591.97 NOTE
r-devel-linux-x86_64-fedora-gcc 0.4.0 1716.88 NOTE
r-devel-windows-ix86+x86_64 0.4.0 749.00 8.00 757.00 ERROR
r-patched-linux-x86_64 0.4.0 550.64 561.59 1112.23 NOTE
r-patched-solaris-x86 0.4.0 1614.30 NOTE
r-release-linux-x86_64 0.4.0 541.65 609.17 1150.82 NOTE
r-release-osx-x86_64 0.4.0 NOTE
r-release-windows-ix86+x86_64 0.4.0 859.00 918.00 1777.00 NOTE
r-oldrel-osx-x86_64 0.4.0 NOTE
r-oldrel-windows-ix86+x86_64 0.4.0 972.00 817.00 1789.00 NOTE

Check Details

Version: 0.4.0
Check: for GNU extensions in Makefiles
Result: NOTE
    GNU make is a SystemRequirements.
Flavors: r-devel-linux-x86_64-debian-clang, r-devel-linux-x86_64-debian-gcc, r-devel-linux-x86_64-fedora-clang, r-devel-linux-x86_64-fedora-gcc, r-patched-linux-x86_64, r-patched-solaris-x86, r-release-linux-x86_64, r-release-osx-x86_64, r-release-windows-ix86+x86_64, r-oldrel-osx-x86_64, r-oldrel-windows-ix86+x86_64

Version: 0.4.0
Check: installed package size
Result: NOTE
     installed size is 106.6Mb
     sub-directories of 1Mb or more:
     libs 105.3Mb
Flavors: r-devel-linux-x86_64-fedora-clang, r-patched-solaris-x86, r-release-osx-x86_64, r-release-windows-ix86+x86_64, r-oldrel-osx-x86_64, r-oldrel-windows-ix86+x86_64

Version: 0.4.0
Check: whether package can be installed
Result: ERROR
    Installation failed.
Flavor: r-devel-windows-ix86+x86_64