CRAN Package Check Results for Package baggr

Last updated on 2019-10-23 05:46:22 CEST.

Flavor Version Tinstall Tcheck Ttotal Status Flags
r-devel-linux-x86_64-debian-clang 0.1.0 434.77 134.85 569.62 NOTE
r-devel-linux-x86_64-debian-gcc 0.1.0 417.23 114.77 532.00 NOTE
r-devel-linux-x86_64-fedora-clang 0.1.0 743.94 NOTE
r-devel-linux-x86_64-fedora-gcc 0.1.0 908.85 NOTE
r-devel-windows-ix86+x86_64 0.1.0 729.00 236.00 965.00 NOTE
r-patched-linux-x86_64 0.1.0 419.03 146.30 565.33 NOTE
r-patched-solaris-x86 0.1.0 774.70 NOTE
r-release-linux-x86_64 0.1.0 435.59 146.62 582.21 NOTE
r-release-windows-ix86+x86_64 0.1.0 949.00 244.00 1193.00 NOTE
r-release-osx-x86_64 0.1.0 NOTE
r-oldrel-windows-ix86+x86_64 0.1.0 895.00 249.00 1144.00 NOTE
r-oldrel-osx-x86_64 0.1.0 NOTE

Check Details

Version: 0.1.0
Check: for GNU extensions in Makefiles
Result: NOTE
    GNU make is a SystemRequirements.
Flavors: r-devel-linux-x86_64-debian-clang, r-devel-linux-x86_64-debian-gcc, r-devel-linux-x86_64-fedora-clang, r-devel-linux-x86_64-fedora-gcc, r-devel-windows-ix86+x86_64, r-patched-linux-x86_64, r-patched-solaris-x86, r-release-linux-x86_64, r-release-windows-ix86+x86_64, r-release-osx-x86_64, r-oldrel-windows-ix86+x86_64, r-oldrel-osx-x86_64

Version: 0.1.0
Check: installed package size
Result: NOTE
     installed size is 74.9Mb
     sub-directories of 1Mb or more:
     libs 74.2Mb
Flavors: r-devel-linux-x86_64-fedora-clang, r-devel-windows-ix86+x86_64, r-patched-solaris-x86, r-release-windows-ix86+x86_64, r-release-osx-x86_64, r-oldrel-windows-ix86+x86_64, r-oldrel-osx-x86_64