CRAN Package Check Results for Package banxicoR

Last updated on 2021-12-08 05:58:31 CET.

Flavor Version Tinstall Tcheck Ttotal Status Flags
r-devel-linux-x86_64-debian-clang 0.9.0 2.60 33.51 36.11 OK
r-devel-linux-x86_64-debian-gcc 0.9.0 1.84 27.01 28.85 OK
r-devel-linux-x86_64-fedora-clang 0.9.0 45.61 NOTE
r-devel-linux-x86_64-fedora-gcc 0.9.0 34.44 NOTE
r-devel-windows-x86_64-new-UL 0.9.0 6.00 66.00 72.00 OK
r-devel-windows-x86_64-new-TK 0.9.0 NOTE
r-devel-windows-x86_64-old 0.9.0 5.00 44.00 49.00 OK
r-patched-linux-x86_64 0.9.0 2.35 32.83 35.18 OK
r-release-linux-x86_64 0.9.0 2.17 33.06 35.23 OK
r-release-macos-arm64 0.9.0 NOTE
r-release-macos-x86_64 0.9.0 NOTE
r-release-windows-ix86+x86_64 0.9.0 4.00 38.00 42.00 OK
r-oldrel-macos-x86_64 0.9.0 NOTE
r-oldrel-windows-ix86+x86_64 0.9.0 7.00 46.00 53.00 OK

Check Details

Version: 0.9.0
Check: data for non-ASCII characters
Result: NOTE
     Note: found 148 marked UTF-8 strings
Flavors: r-devel-linux-x86_64-fedora-clang, r-devel-linux-x86_64-fedora-gcc, r-devel-windows-x86_64-new-TK, r-release-macos-arm64, r-release-macos-x86_64, r-oldrel-macos-x86_64