Last updated on 2022-08-12 05:52:41 CEST.
Flavor | Version | Tinstall | Tcheck | Ttotal | Status | Flags |
---|---|---|---|---|---|---|
r-devel-linux-x86_64-debian-clang | 0.3.0 | 75.28 | 30.65 | 105.93 | OK | |
r-devel-linux-x86_64-debian-gcc | 0.3.0 | 55.12 | 26.09 | 81.21 | OK | |
r-devel-linux-x86_64-fedora-clang | 0.3.0 | 161.63 | NOTE | |||
r-devel-linux-x86_64-fedora-gcc | 0.3.0 | 148.57 | OK | |||
r-devel-windows-x86_64 | 0.3.0 | 48.00 | 82.00 | 130.00 | OK | |
r-patched-linux-x86_64 | 0.3.0 | 64.42 | 32.60 | 97.02 | OK | |
r-release-linux-x86_64 | 0.3.0 | 67.32 | 32.23 | 99.55 | OK | |
r-release-macos-arm64 | 0.3.0 | 43.00 | NOTE | |||
r-release-macos-x86_64 | 0.3.0 | 54.00 | NOTE | |||
r-release-windows-x86_64 | 0.3.0 | 52.00 | 85.00 | 137.00 | OK | |
r-oldrel-macos-arm64 | 0.3.0 | 52.00 | NOTE | |||
r-oldrel-macos-x86_64 | 0.3.0 | 58.00 | NOTE | |||
r-oldrel-windows-ix86+x86_64 | 0.3.0 | 152.00 | 79.00 | 231.00 | OK |
Version: 0.3.0
Check: installed package size
Result: NOTE
installed size is 12.4Mb
sub-directories of 1Mb or more:
libs 12.3Mb
Flavors: r-devel-linux-x86_64-fedora-clang, r-release-macos-arm64, r-release-macos-x86_64, r-oldrel-macos-arm64, r-oldrel-macos-x86_64