CRAN Package Check Results for Package base64enc

Last updated on 2019-12-15 05:47:32 CET.

Flavor Version Tinstall Tcheck Ttotal Status Flags
r-devel-linux-x86_64-debian-clang 0.1-3 2.73 17.35 20.08 OK
r-devel-linux-x86_64-debian-gcc 0.1-3 1.88 13.70 15.58 OK
r-devel-linux-x86_64-fedora-clang 0.1-3 25.41 NOTE
r-devel-linux-x86_64-fedora-gcc 0.1-3 26.13 NOTE
r-devel-windows-ix86+x86_64 0.1-3 12.00 48.00 60.00 OK
r-devel-windows-ix86+x86_64-gcc8 0.1-3 11.00 36.00 47.00 OK
r-patched-linux-x86_64 0.1-3 1.80 15.93 17.73 OK
r-patched-solaris-x86 0.1-3 40.60 OK
r-release-linux-x86_64 0.1-3 2.05 16.12 18.17 OK
r-release-windows-ix86+x86_64 0.1-3 12.00 48.00 60.00 OK
r-release-osx-x86_64 0.1-3 OK
r-oldrel-windows-ix86+x86_64 0.1-3 9.00 32.00 41.00 OK
r-oldrel-osx-x86_64 0.1-3 OK

Check Details

Version: 0.1-3
Check: compiled code
Result: NOTE
    File ‘base64enc/libs/base64enc.so’:
     Found no calls to: ‘R_registerRoutines’, ‘R_useDynamicSymbols’
    
    It is good practice to register native routines and to disable symbol
    search.
    
    See ‘Writing portable packages’ in the ‘Writing R Extensions’ manual.
Flavors: r-devel-linux-x86_64-fedora-clang, r-devel-linux-x86_64-fedora-gcc