CRAN Package Check Results for Package basictabler

Last updated on 2024-06-24 06:49:07 CEST.

Flavor Version Tinstall Tcheck Ttotal Status Flags
r-devel-linux-x86_64-debian-clang 1.0.2 22.70 142.16 164.86 NOTE
r-devel-linux-x86_64-debian-gcc 1.0.2 19.16 104.70 123.86 NOTE
r-devel-linux-x86_64-fedora-clang 1.0.2 224.81 NOTE
r-devel-linux-x86_64-fedora-gcc 1.0.2 213.53 NOTE
r-devel-windows-x86_64 1.0.2 21.00 129.00 150.00 NOTE
r-patched-linux-x86_64 1.0.2 26.14 137.66 163.80 NOTE
r-release-linux-x86_64 1.0.2 19.09 137.22 156.31 NOTE
r-release-macos-arm64 1.0.2 72.00 NOTE
r-release-macos-x86_64 1.0.2 111.00 NOTE
r-release-windows-x86_64 1.0.2 22.00 133.00 155.00 NOTE
r-oldrel-macos-arm64 1.0.2 73.00 NOTE
r-oldrel-macos-x86_64 1.0.2 109.00 NOTE
r-oldrel-windows-x86_64 1.0.2 27.00 156.00 183.00 NOTE

Check Details

Version: 1.0.2
Check: package subdirectories
Result: NOTE Problems with news in ‘NEWS.md’: Cannot extract version info from the following section titles: Earlier versions Flavors: r-devel-linux-x86_64-debian-clang, r-devel-linux-x86_64-debian-gcc, r-devel-linux-x86_64-fedora-clang, r-devel-linux-x86_64-fedora-gcc, r-devel-windows-x86_64, r-patched-linux-x86_64, r-release-linux-x86_64, r-release-macos-arm64, r-release-macos-x86_64, r-release-windows-x86_64, r-oldrel-macos-arm64, r-oldrel-macos-x86_64, r-oldrel-windows-x86_64

Version: 1.0.2
Check: Rd files
Result: NOTE checkRd: (-1) BasicTable.Rd:659: Lost braces; missing escapes or markup? 659 | `function(v, cell) { if(isTRUE(v>0.8)) return("green") }`.\cr | ^ checkRd: (-1) TableStyle.Rd:151: Lost braces; missing escapes or markup? 151 | The CSS style rule, e.g. { text-align: center; color: red; } | ^ checkRd: (-1) TableStyle.Rd:172: Lost braces; missing escapes or markup? 172 | The CSS style rule, e.g. cell { text-align: center; color: red; } | ^ checkRd: (-1) TableStyles.Rd:209: Lost braces; missing escapes or markup? 209 | The CSS style rule, e.g. { text-align: center; color: red; } | ^ checkRd: (-1) TableStyles.Rd:232: Lost braces; missing escapes or markup? 232 | The CSS style rule, e.g. cell { text-align: center; color: red; } | ^ Flavors: r-devel-linux-x86_64-debian-clang, r-devel-linux-x86_64-debian-gcc, r-devel-linux-x86_64-fedora-clang, r-devel-linux-x86_64-fedora-gcc, r-devel-windows-x86_64, r-patched-linux-x86_64, r-release-linux-x86_64, r-release-macos-arm64, r-release-macos-x86_64, r-release-windows-x86_64