CRAN Package Check Results for Package batchtools

Last updated on 2022-01-24 05:51:42 CET.

Flavor Version Tinstall Tcheck Ttotal Status Flags
r-devel-linux-x86_64-debian-clang 0.9.15 12.72 152.91 165.63 OK
r-devel-linux-x86_64-debian-gcc 0.9.15 10.42 112.78 123.20 OK
r-devel-linux-x86_64-fedora-clang 0.9.15 204.33 NOTE
r-devel-linux-x86_64-fedora-gcc 0.9.15 180.71 OK
r-devel-windows-x86_64-new-UL 0.9.15 206.00 227.00 433.00 OK
r-devel-windows-x86_64-new-TK 0.9.15 OK
r-patched-linux-x86_64 0.9.15 19.21 141.26 160.47 OK
r-release-linux-x86_64 0.9.15 10.66 140.16 150.82 OK
r-release-macos-arm64 0.9.15 NOTE
r-release-macos-x86_64 0.9.15 NOTE
r-release-windows-ix86+x86_64 0.9.15 30.00 308.00 338.00 OK
r-oldrel-macos-x86_64 0.9.15 NOTE
r-oldrel-windows-ix86+x86_64 0.9.15 26.00 312.00 338.00 OK

Check Details

Version: 0.9.15
Check: Rd cross-references
Result: NOTE
    Undeclared package ‘Rmpi’ in Rd xrefs
Flavor: r-devel-linux-x86_64-fedora-clang

Version: 0.9.15
Check: package dependencies
Result: NOTE
    Package suggested but not available for checking: ‘doMPI’
Flavors: r-release-macos-arm64, r-release-macos-x86_64, r-oldrel-macos-x86_64

Version: 0.9.15
Check: Rd cross-references
Result: NOTE
    Package unavailable to check Rd xrefs: ‘Rmpi’
Flavors: r-release-macos-arm64, r-release-macos-x86_64, r-oldrel-macos-x86_64