Last updated on 2022-08-12 05:52:41 CEST.
Flavor | Version | Tinstall | Tcheck | Ttotal | Status | Flags |
---|---|---|---|---|---|---|
r-devel-linux-x86_64-debian-clang | 1.3.6 | 58.31 | 165.04 | 223.35 | OK | |
r-devel-linux-x86_64-debian-gcc | 1.3.6 | 51.63 | 119.82 | 171.45 | OK | |
r-devel-linux-x86_64-fedora-clang | 1.3.6 | 290.91 | OK | |||
r-devel-linux-x86_64-fedora-gcc | 1.3.6 | 276.88 | OK | |||
r-devel-windows-x86_64 | 1.3.6 | 69.00 | 209.00 | 278.00 | OK | |
r-patched-linux-x86_64 | 1.3.6 | 56.17 | 152.83 | 209.00 | OK | |
r-release-linux-x86_64 | 1.3.6 | 49.13 | 148.23 | 197.36 | OK | |
r-release-macos-arm64 | 1.3.6 | 81.00 | NOTE | |||
r-release-macos-x86_64 | 1.3.6 | 109.00 | NOTE | |||
r-release-windows-x86_64 | 1.3.6 | 68.00 | 203.00 | 271.00 | OK | |
r-oldrel-macos-arm64 | 1.3.6 | 70.00 | NOTE | |||
r-oldrel-macos-x86_64 | 1.3.6 | 108.00 | NOTE | |||
r-oldrel-windows-ix86+x86_64 | 1.3.6 | 149.00 | 243.00 | 392.00 | NOTE |
Version: 1.3.6
Check: installed package size
Result: NOTE
installed size is 5.4Mb
sub-directories of 1Mb or more:
doc 2.2Mb
libs 2.6Mb
Flavors: r-release-macos-arm64, r-release-macos-x86_64, r-oldrel-macos-arm64, r-oldrel-macos-x86_64, r-oldrel-windows-ix86+x86_64