CRAN Package Check Results for Package bayesGARCH

Last updated on 2020-01-17 05:47:07 CET.

Flavor Version Tinstall Tcheck Ttotal Status Flags
r-devel-linux-x86_64-debian-clang 2.1.3 3.10 30.03 33.13 OK
r-devel-linux-x86_64-debian-gcc 2.1.3 2.43 23.43 25.86 OK
r-devel-linux-x86_64-fedora-clang 2.1.3 40.17 NOTE
r-devel-linux-x86_64-fedora-gcc 2.1.3 39.38 NOTE
r-devel-windows-ix86+x86_64 2.1.3 16.00 58.00 74.00 OK
r-devel-windows-ix86+x86_64-gcc8 2.1.3 9.00 70.00 79.00 OK
r-patched-linux-x86_64 2.1.3 2.39 27.38 29.77 OK
r-patched-solaris-x86 2.1.3 54.90 OK
r-release-linux-x86_64 2.1.3 2.64 27.34 29.98 OK
r-release-windows-ix86+x86_64 2.1.3 14.00 58.00 72.00 OK
r-release-osx-x86_64 2.1.3 OK
r-oldrel-windows-ix86+x86_64 2.1.3 9.00 70.00 79.00 OK
r-oldrel-osx-x86_64 2.1.3 OK

Check Details

Version: 2.1.3
Check: compiled code
Result: NOTE
    File ‘bayesGARCH/libs/bayesGARCH.so’:
     Found no calls to: ‘R_registerRoutines’, ‘R_useDynamicSymbols’
    
    It is good practice to register native routines and to disable symbol
    search.
    
    See ‘Writing portable packages’ in the ‘Writing R Extensions’ manual.
Flavors: r-devel-linux-x86_64-fedora-clang, r-devel-linux-x86_64-fedora-gcc