CRAN Package Check Results for Package bayesGARCH

Last updated on 2019-08-25 05:46:43 CEST.

Flavor Version Tinstall Tcheck Ttotal Status Flags
r-devel-linux-x86_64-debian-clang 2.1.3 3.29 28.35 31.64 OK
r-devel-linux-x86_64-debian-gcc 2.1.3 2.50 22.33 24.83 OK
r-devel-linux-x86_64-fedora-clang 2.1.3 39.21 NOTE
r-devel-linux-x86_64-fedora-gcc 2.1.3 37.24 NOTE
r-devel-windows-ix86+x86_64 2.1.3 10.00 55.00 65.00 OK
r-patched-linux-x86_64 2.1.3 2.78 28.61 31.39 OK
r-patched-solaris-x86 2.1.3 57.90 OK
r-release-linux-x86_64 2.1.3 2.85 27.96 30.81 OK
r-release-windows-ix86+x86_64 2.1.3 17.00 77.00 94.00 OK
r-release-osx-x86_64 2.1.3 OK
r-oldrel-windows-ix86+x86_64 2.1.3 9.00 74.00 83.00 OK
r-oldrel-osx-x86_64 2.1.3 OK

Check Details

Version: 2.1.3
Check: compiled code
Result: NOTE
    File ‘bayesGARCH/libs/bayesGARCH.so’:
     Found no calls to: ‘R_registerRoutines’, ‘R_useDynamicSymbols’
    
    It is good practice to register native routines and to disable symbol
    search.
    
    See ‘Writing portable packages’ in the ‘Writing R Extensions’ manual.
Flavors: r-devel-linux-x86_64-fedora-clang, r-devel-linux-x86_64-fedora-gcc