CRAN Package Check Results for Package bayesImageS

Last updated on 2022-08-19 05:52:44 CEST.

Flavor Version Tinstall Tcheck Ttotal Status Flags
r-devel-linux-x86_64-debian-clang 0.6-1 74.47 106.59 181.06 OK
r-devel-linux-x86_64-debian-gcc 0.6-1 64.25 84.67 148.92 OK
r-devel-linux-x86_64-fedora-clang 0.6-1 250.30 OK
r-devel-linux-x86_64-fedora-gcc 0.6-1 249.26 OK
r-devel-windows-x86_64 0.6-1 106.00 192.00 298.00 OK
r-patched-linux-x86_64 0.6-1 63.63 105.49 169.12 OK
r-release-linux-x86_64 0.6-1 OK
r-release-macos-arm64 0.6-1 68.00 NOTE
r-release-macos-x86_64 0.6-1 90.00 NOTE
r-release-windows-x86_64 0.6-1 104.00 198.00 302.00 OK
r-oldrel-macos-arm64 0.6-1 71.00 NOTE
r-oldrel-macos-x86_64 0.6-1 146.00 NOTE
r-oldrel-windows-ix86+x86_64 0.6-1 191.00 185.00 376.00 NOTE

Check Details

Version: 0.6-1
Check: installed package size
Result: NOTE
     installed size is 7.9Mb
     sub-directories of 1Mb or more:
     data 2.7Mb
     libs 4.4Mb
Flavors: r-release-macos-arm64, r-release-macos-x86_64, r-oldrel-macos-arm64, r-oldrel-macos-x86_64, r-oldrel-windows-ix86+x86_64

Version: 0.6-1
Check: package dependencies
Result: NOTE
    Package suggested but not available for checking: ‘PottsUtils’
Flavors: r-release-macos-x86_64, r-oldrel-macos-arm64