CRAN Package Check Results for Package bayesbr

Last updated on 2020-11-28 05:51:01 CET.

Flavor Version Tinstall Tcheck Ttotal Status Flags
r-devel-linux-x86_64-debian-clang 0.0.0.1 137.51 166.70 304.21 NOTE
r-devel-linux-x86_64-debian-gcc 0.0.0.1 239.96 128.14 368.10 NOTE
r-devel-linux-x86_64-fedora-clang 0.0.0.1 407.75 NOTE
r-devel-linux-x86_64-fedora-gcc 0.0.0.1 418.17 NOTE
r-devel-windows-ix86+x86_64 0.0.0.1 301.00 414.00 715.00 NOTE
r-patched-linux-x86_64 0.0.0.1 189.32 169.93 359.25 NOTE
r-patched-solaris-x86 0.0.0.1 465.40 NOTE
r-release-linux-x86_64 0.0.0.1 193.61 169.46 363.07 NOTE
r-release-macos-x86_64 0.0.0.1 NOTE
r-release-windows-ix86+x86_64 0.0.0.1 220.00 338.00 558.00 NOTE
r-oldrel-macos-x86_64 0.0.0.1 NOTE
r-oldrel-windows-ix86+x86_64 0.0.0.1 243.00 396.00 639.00 NOTE

Check Details

Version: 0.0.0.1
Check: for GNU extensions in Makefiles
Result: NOTE
    GNU make is a SystemRequirements.
Flavors: r-devel-linux-x86_64-debian-clang, r-devel-linux-x86_64-debian-gcc, r-devel-linux-x86_64-fedora-clang, r-devel-linux-x86_64-fedora-gcc, r-devel-windows-ix86+x86_64, r-patched-linux-x86_64, r-patched-solaris-x86, r-release-linux-x86_64, r-release-macos-x86_64, r-release-windows-ix86+x86_64, r-oldrel-macos-x86_64, r-oldrel-windows-ix86+x86_64

Version: 0.0.0.1
Check: installed package size
Result: NOTE
     installed size is 34.5Mb
     sub-directories of 1Mb or more:
     libs 34.1Mb
Flavors: r-devel-linux-x86_64-fedora-clang, r-release-macos-x86_64, r-oldrel-macos-x86_64

Version: 0.0.0.1
Check: dependencies in R code
Result: NOTE
    Namespaces in Imports field not imported from:
     ‘magrittr’ ‘rstantools’
     All declared Imports should be used.
Flavors: r-devel-linux-x86_64-fedora-clang, r-devel-linux-x86_64-fedora-gcc, r-patched-solaris-x86, r-release-macos-x86_64, r-oldrel-macos-x86_64