CRAN Package Check Results for Package bayesm

Last updated on 2021-12-03 05:51:50 CET.

Flavor Version Tinstall Tcheck Ttotal Status Flags
r-devel-linux-x86_64-debian-clang 3.1-4 594.88 447.59 1042.47 OK
r-devel-linux-x86_64-debian-gcc 3.1-4 440.34 308.48 748.82 OK
r-devel-linux-x86_64-fedora-clang 3.1-4 1628.35 NOTE
r-devel-linux-x86_64-fedora-gcc 3.1-4 1394.77 OK
r-devel-windows-x86_64-new-UL 3.1-4 757.00 568.00 1325.00 NOTE
r-devel-windows-x86_64-new-TK 3.1-4 OK
r-devel-windows-x86_64-old 3.1-4 785.00 457.00 1242.00 NOTE
r-patched-linux-x86_64 3.1-4 519.99 429.93 949.92 OK
r-patched-solaris-x86 3.1-4 798.70 NOTE
r-release-linux-x86_64 3.1-4 521.99 421.13 943.12 OK
r-release-macos-arm64 3.1-4 NOTE
r-release-macos-x86_64 3.1-4 NOTE
r-release-windows-ix86+x86_64 3.1-4 1498.00 609.00 2107.00 NOTE
r-oldrel-macos-x86_64 3.1-4 NOTE
r-oldrel-windows-ix86+x86_64 3.1-4 1498.00 609.00 2107.00 NOTE

Check Details

Version: 3.1-4
Check: installed package size
Result: NOTE
     installed size is 28.9Mb
     sub-directories of 1Mb or more:
     doc 2.9Mb
     libs 24.5Mb
Flavors: r-devel-linux-x86_64-fedora-clang, r-devel-windows-x86_64-new-UL, r-devel-windows-x86_64-old, r-patched-solaris-x86, r-release-macos-arm64, r-release-macos-x86_64, r-release-windows-ix86+x86_64, r-oldrel-macos-x86_64, r-oldrel-windows-ix86+x86_64