CRAN Package Check Results for Package bayesmodels

Last updated on 2021-10-17 05:49:03 CEST.

Flavor Version Tinstall Tcheck Ttotal Status Flags
r-devel-linux-x86_64-debian-clang 0.1.1 22.97 506.38 529.35 OK
r-devel-linux-x86_64-debian-gcc 0.1.1 20.51 340.57 361.08 OK
r-devel-linux-x86_64-fedora-clang 0.1.1 570.50 NOTE
r-devel-linux-x86_64-fedora-gcc 0.1.1 604.23 NOTE
r-devel-windows-x86_64 0.1.1 42.00 560.00 602.00 OK
r-devel-windows-x86_64-gcc10-UCRT 0.1.1 NOTE
r-patched-linux-x86_64 0.1.1 29.33 461.76 491.09 OK
r-release-linux-x86_64 0.1.1 24.48 434.10 458.58 OK
r-release-macos-arm64 0.1.1 NOTE
r-release-macos-x86_64 0.1.1 NOTE
r-release-windows-ix86+x86_64 0.1.1 63.00 556.00 619.00 OK
r-oldrel-macos-x86_64 0.1.1 NOTE
r-oldrel-windows-ix86+x86_64 0.1.1 68.00 560.00 628.00 OK

Check Details

Version: 0.1.1
Check: dependencies in R code
Result: NOTE
    Namespace in Imports field not imported from: ‘workflows’
     All declared Imports should be used.
Flavors: r-devel-linux-x86_64-fedora-clang, r-devel-linux-x86_64-fedora-gcc, r-devel-windows-x86_64-gcc10-UCRT, r-release-macos-arm64, r-release-macos-x86_64, r-oldrel-macos-x86_64