CRAN Package Check Results for Package bayesvl

Last updated on 2022-08-09 05:54:39 CEST.

Flavor Version Tinstall Tcheck Ttotal Status Flags
r-devel-linux-x86_64-debian-clang 0.8.5 14.85 101.29 116.14 OK
r-devel-linux-x86_64-debian-gcc 0.8.5 12.39 75.05 87.44 OK
r-devel-linux-x86_64-fedora-clang 0.8.5 151.89 NOTE
r-devel-linux-x86_64-fedora-gcc 0.8.5 145.94 NOTE
r-devel-windows-x86_64 0.8.5 31.00 123.00 154.00 OK
r-patched-linux-x86_64 0.8.5 18.57 96.27 114.84 OK
r-release-linux-x86_64 0.8.5 OK
r-release-macos-arm64 0.8.5 40.00 NOTE
r-release-macos-x86_64 0.8.5 73.00 NOTE
r-release-windows-x86_64 0.8.5 29.00 120.00 149.00 OK
r-oldrel-macos-arm64 0.8.5 53.00 NOTE
r-oldrel-macos-x86_64 0.8.5 79.00 NOTE
r-oldrel-windows-ix86+x86_64 0.8.5 36.00 122.00 158.00 OK

Check Details

Version: 0.8.5
Check: dependencies in R code
Result: NOTE
    Namespace in Imports field not imported from: ‘dplyr’
     All declared Imports should be used.
Flavors: r-devel-linux-x86_64-fedora-clang, r-devel-linux-x86_64-fedora-gcc, r-release-macos-arm64, r-release-macos-x86_64, r-oldrel-macos-arm64, r-oldrel-macos-x86_64