CRAN Package Check Results for Package bbotk

Last updated on 2022-01-28 05:48:50 CET.

Flavor Version Tinstall Tcheck Ttotal Status Flags
r-devel-linux-x86_64-debian-clang 0.5.0 16.34 153.07 169.41 OK
r-devel-linux-x86_64-debian-gcc 0.5.0 12.80 117.07 129.87 OK
r-devel-linux-x86_64-fedora-clang 0.5.0 204.66 OK
r-devel-linux-x86_64-fedora-gcc 0.5.0 206.68 OK
r-devel-windows-x86_64-new-UL 0.5.0 116.00 185.00 301.00 OK
r-devel-windows-x86_64-new-TK 0.5.0 NOTE
r-patched-linux-x86_64 0.5.0 19.15 142.63 161.78 OK
r-release-linux-x86_64 0.5.0 16.26 139.41 155.67 OK
r-release-macos-arm64 0.5.0 OK
r-release-macos-x86_64 0.5.0 OK
r-release-windows-ix86+x86_64 0.5.0 26.00 258.00 284.00 OK
r-oldrel-macos-x86_64 0.5.0 OK
r-oldrel-windows-ix86+x86_64 0.5.0 28.00 259.00 287.00 OK

Check Details

Version: 0.5.0
Check: package dependencies
Result: NOTE
    Package suggested but not available for checking: 'nloptr'
Flavor: r-devel-windows-x86_64-new-TK

Version: 0.5.0
Check: Rd cross-references
Result: NOTE
    Package unavailable to check Rd xrefs: 'nloptr'
Flavor: r-devel-windows-x86_64-new-TK