CRAN Package Check Results for Package bbsBayes

Last updated on 2021-12-05 05:52:40 CET.

Flavor Version Tinstall Tcheck Ttotal Status Flags
r-devel-linux-x86_64-debian-clang 2.3.8.2020 13.05 147.58 160.63 OK
r-devel-linux-x86_64-debian-gcc 2.3.8.2020 11.12 106.33 117.45 OK
r-devel-linux-x86_64-fedora-clang 2.3.8.2020 186.49 NOTE
r-devel-linux-x86_64-fedora-gcc 2.3.8.2020 172.77 NOTE
r-devel-windows-x86_64-new-UL 2.3.8.2020 28.00 175.00 203.00 OK
r-devel-windows-x86_64-new-TK 2.3.8.2020 NOTE
r-devel-windows-x86_64-old 2.3.8.2020 23.00 116.00 139.00 OK
r-patched-linux-x86_64 2.3.8.2020 13.30 124.19 137.49 OK
r-release-linux-x86_64 2.3.8.2020 13.02 133.29 146.31 OK
r-release-macos-arm64 2.3.8.2020 NOTE
r-release-macos-x86_64 2.3.8.2020 NOTE
r-release-windows-ix86+x86_64 2.3.8.2020 27.00 155.00 182.00 OK
r-oldrel-macos-x86_64 2.3.8.2020 NOTE
r-oldrel-windows-ix86+x86_64 2.3.8.2020 28.00 157.00 185.00 OK

Check Details

Version: 2.3.8.2020
Check: dependencies in R code
Result: NOTE
    Namespaces in Imports field not imported from:
     ‘latticeExtra’ ‘rgdal’
     All declared Imports should be used.
Flavors: r-devel-linux-x86_64-fedora-clang, r-devel-linux-x86_64-fedora-gcc, r-devel-windows-x86_64-new-TK, r-release-macos-arm64, r-release-macos-x86_64, r-oldrel-macos-x86_64