CRAN Package Check Results for Package bcmaps

Last updated on 2019-05-23 05:48:51 CEST.

Flavor Version Tinstall Tcheck Ttotal Status Flags
r-devel-linux-x86_64-debian-clang 0.18.0 4.51 52.42 56.93 NOTE
r-devel-linux-x86_64-debian-gcc 0.18.0 3.69 40.93 44.62 NOTE
r-devel-linux-x86_64-fedora-clang 0.18.0 68.70 NOTE
r-devel-linux-x86_64-fedora-gcc 0.18.0 67.63 NOTE
r-devel-windows-ix86+x86_64 0.18.0 8.00 71.00 79.00 NOTE
r-patched-linux-x86_64 0.18.0 4.30 51.66 55.96 NOTE
r-patched-solaris-x86 0.18.0 112.60 NOTE
r-release-linux-x86_64 0.18.0 5.13 51.80 56.93 NOTE
r-release-windows-ix86+x86_64 0.18.0 15.00 93.00 108.00 NOTE
r-release-osx-x86_64 0.18.0 NOTE
r-oldrel-windows-ix86+x86_64 0.18.0 5.00 57.00 62.00 NOTE
r-oldrel-osx-x86_64 0.18.0 NOTE

Check Details

Version: 0.18.0
Check: package dependencies
Result: NOTE
    Package suggested but not available for checking: 'bcmapsdata'
Flavors: r-devel-linux-x86_64-debian-clang, r-devel-linux-x86_64-debian-gcc, r-devel-linux-x86_64-fedora-clang, r-devel-linux-x86_64-fedora-gcc, r-patched-linux-x86_64, r-patched-solaris-x86, r-release-linux-x86_64, r-release-osx-x86_64, r-oldrel-osx-x86_64

Version: 0.18.0
Check: package dependencies
Result: NOTE
    Packages suggested but not available for checking: 'bcmapsdata', 'doMC'
Flavors: r-devel-windows-ix86+x86_64, r-release-windows-ix86+x86_64

Version: 0.18.0
Check: package dependencies
Result: NOTE
    Packages suggested but not available for checking: 'bcmapsdata' 'doMC'
Flavor: r-oldrel-windows-ix86+x86_64