CRAN Package Check Results for Package bcmaps

Last updated on 2019-08-18 05:46:10 CEST.

Flavor Version Tinstall Tcheck Ttotal Status Flags
r-devel-linux-x86_64-debian-clang 0.18.0 4.91 53.34 58.25 NOTE
r-devel-linux-x86_64-debian-gcc 0.18.0 4.01 41.86 45.87 NOTE
r-devel-linux-x86_64-fedora-clang 0.18.0 71.84 NOTE
r-devel-linux-x86_64-fedora-gcc 0.18.0 69.04 NOTE
r-devel-windows-ix86+x86_64 0.18.0 13.00 90.00 103.00 NOTE
r-patched-linux-x86_64 0.18.0 4.51 52.14 56.65 NOTE
r-patched-solaris-x86 0.18.0 107.10 NOTE
r-release-linux-x86_64 0.18.0 4.83 52.32 57.15 NOTE
r-release-windows-ix86+x86_64 0.18.0 16.00 88.00 104.00 NOTE
r-release-osx-x86_64 0.18.0 NOTE
r-oldrel-windows-ix86+x86_64 0.18.0 9.00 84.00 93.00 NOTE
r-oldrel-osx-x86_64 0.18.0 NOTE

Check Details

Version: 0.18.0
Check: package dependencies
Result: NOTE
    Package suggested but not available for checking: 'bcmapsdata'
Flavors: r-devel-linux-x86_64-debian-clang, r-devel-linux-x86_64-debian-gcc, r-devel-linux-x86_64-fedora-clang, r-devel-linux-x86_64-fedora-gcc, r-patched-linux-x86_64, r-patched-solaris-x86, r-release-linux-x86_64, r-release-osx-x86_64, r-oldrel-osx-x86_64

Version: 0.18.0
Check: package dependencies
Result: NOTE
    Packages suggested but not available for checking: 'bcmapsdata', 'doMC'
Flavors: r-devel-windows-ix86+x86_64, r-release-windows-ix86+x86_64

Version: 0.18.0
Check: package dependencies
Result: NOTE
    Packages suggested but not available for checking: 'bcmapsdata' 'doMC'
Flavor: r-oldrel-windows-ix86+x86_64