CRAN Package Check Results for Package bdclean

Last updated on 2019-08-23 05:46:50 CEST.

Flavor Version Tinstall Tcheck Ttotal Status Flags
r-devel-linux-x86_64-debian-clang 0.1.15 9.89 90.62 100.51 OK
r-devel-linux-x86_64-debian-gcc 0.1.15 8.18 70.26 78.44 OK
r-devel-linux-x86_64-fedora-clang 0.1.15 102.16 NOTE
r-devel-linux-x86_64-fedora-gcc 0.1.15 102.79 NOTE
r-devel-windows-ix86+x86_64 0.1.15 55.00 136.00 191.00 OK
r-patched-linux-x86_64 0.1.15 9.96 88.07 98.03 OK
r-patched-solaris-x86 0.1.15 155.30 NOTE
r-release-linux-x86_64 0.1.15 11.36 88.86 100.22 OK
r-release-windows-ix86+x86_64 0.1.15 62.00 140.00 202.00 OK
r-release-osx-x86_64 0.1.15 NOTE
r-oldrel-windows-ix86+x86_64 0.1.15 27.00 146.00 173.00 OK
r-oldrel-osx-x86_64 0.1.15 NOTE

Check Details

Version: 0.1.15
Check: dependencies in R code
Result: NOTE
    Namespace in Imports field not imported from: ‘DT’
     All declared Imports should be used.
Flavors: r-devel-linux-x86_64-fedora-clang, r-devel-linux-x86_64-fedora-gcc, r-patched-solaris-x86, r-release-osx-x86_64, r-oldrel-osx-x86_64