CRAN Package Check Results for Package bdclean

Last updated on 2020-01-20 05:47:08 CET.

Flavor Version Tinstall Tcheck Ttotal Status Flags
r-devel-linux-x86_64-debian-clang 0.1.15 12.48 98.41 110.89 OK
r-devel-linux-x86_64-debian-gcc 0.1.15 10.94 74.58 85.52 OK
r-devel-linux-x86_64-fedora-clang 0.1.15 114.14 NOTE
r-devel-linux-x86_64-fedora-gcc 0.1.15 114.55 NOTE
r-devel-windows-ix86+x86_64 0.1.15 59.00 159.00 218.00 OK
r-devel-windows-ix86+x86_64-gcc8 0.1.15 35.00 133.00 168.00 OK
r-patched-linux-x86_64 0.1.15 10.37 88.42 98.79 OK
r-patched-solaris-x86 0.1.15 157.50 NOTE
r-release-linux-x86_64 0.1.15 11.43 88.54 99.97 OK
r-release-windows-ix86+x86_64 0.1.15 51.00 147.00 198.00 OK
r-release-osx-x86_64 0.1.15 NOTE
r-oldrel-windows-ix86+x86_64 0.1.15 16.00 90.00 106.00 OK
r-oldrel-osx-x86_64 0.1.15 NOTE

Check Details

Version: 0.1.15
Check: dependencies in R code
Result: NOTE
    Namespace in Imports field not imported from: ‘DT’
     All declared Imports should be used.
Flavors: r-devel-linux-x86_64-fedora-clang, r-devel-linux-x86_64-fedora-gcc, r-patched-solaris-x86, r-release-osx-x86_64, r-oldrel-osx-x86_64