CRAN Package Check Results for Package bellreg

Last updated on 2020-11-27 05:48:51 CET.

Flavor Version Tinstall Tcheck Ttotal Status Flags
r-devel-linux-x86_64-debian-clang 0.0.1 252.46 100.27 352.73 NOTE
r-devel-linux-x86_64-debian-gcc 0.0.1 415.58 84.38 499.96 NOTE
r-devel-linux-x86_64-fedora-clang 0.0.1 481.31 NOTE
r-devel-linux-x86_64-fedora-gcc 0.0.1 507.20 NOTE
r-devel-windows-ix86+x86_64 0.0.1 525.00 221.00 746.00 NOTE
r-patched-linux-x86_64 0.0.1 341.69 106.65 448.34 NOTE
r-patched-solaris-x86 0.0.1 469.30 NOTE
r-release-linux-x86_64 0.0.1 350.28 106.76 457.04 NOTE
r-release-macos-x86_64 0.0.1 NOTE
r-release-windows-ix86+x86_64 0.0.1 208.00 8.00 216.00 ERROR
r-oldrel-macos-x86_64 0.0.1 NOTE
r-oldrel-windows-ix86+x86_64 0.0.1 421.00 205.00 626.00 NOTE

Check Details

Version: 0.0.1
Check: for GNU extensions in Makefiles
Result: NOTE
    GNU make is a SystemRequirements.
Flavors: r-devel-linux-x86_64-debian-clang, r-devel-linux-x86_64-debian-gcc, r-devel-linux-x86_64-fedora-clang, r-devel-linux-x86_64-fedora-gcc, r-devel-windows-ix86+x86_64, r-patched-linux-x86_64, r-patched-solaris-x86, r-release-linux-x86_64, r-release-macos-x86_64, r-oldrel-macos-x86_64, r-oldrel-windows-ix86+x86_64

Version: 0.0.1
Check: installed package size
Result: NOTE
     installed size is 47.6Mb
     sub-directories of 1Mb or more:
     libs 47.3Mb
Flavors: r-devel-linux-x86_64-fedora-clang, r-devel-windows-ix86+x86_64, r-release-macos-x86_64, r-oldrel-macos-x86_64, r-oldrel-windows-ix86+x86_64

Version: 0.0.1
Check: dependencies in R code
Result: NOTE
    Namespace in Imports field not imported from: ‘rstantools’
     All declared Imports should be used.
Flavors: r-devel-linux-x86_64-fedora-clang, r-devel-linux-x86_64-fedora-gcc, r-patched-solaris-x86, r-release-macos-x86_64, r-oldrel-macos-x86_64

Version: 0.0.1
Check: whether package can be installed
Result: ERROR
    Installation failed.
Flavor: r-release-windows-ix86+x86_64