CRAN Package Check Results for Package bench

Last updated on 2019-08-23 05:46:50 CEST.

Flavor Version Tinstall Tcheck Ttotal Status Flags
r-devel-linux-x86_64-debian-clang 1.0.2 3.08 35.38 38.46 OK
r-devel-linux-x86_64-debian-gcc 1.0.2 3.25 27.85 31.10 OK
r-devel-linux-x86_64-fedora-clang 1.0.2 48.34 OK
r-devel-linux-x86_64-fedora-gcc 1.0.2 44.11 OK
r-devel-windows-ix86+x86_64 1.0.2 19.00 108.00 127.00 WARN
r-patched-linux-x86_64 1.0.2 3.47 35.46 38.93 OK
r-patched-solaris-x86 1.0.2 70.30 OK
r-release-linux-x86_64 1.0.2 3.04 35.29 38.33 OK
r-release-windows-ix86+x86_64 1.0.2 15.00 105.00 120.00 OK
r-release-osx-x86_64 1.0.2 OK
r-oldrel-windows-ix86+x86_64 1.0.2 13.00 84.00 97.00 OK
r-oldrel-osx-x86_64 1.0.2 OK

Check Details

Version: 1.0.2
Check: R files for syntax errors
Result: WARN
    Warning in file 'R/time.R':
     unable to translate '<U+00B5>s' to native encoding
Flavor: r-devel-windows-ix86+x86_64