CRAN Package Check Results for Package benchr

Last updated on 2024-06-13 06:57:55 CEST.

Flavor Version Tinstall Tcheck Ttotal Status Flags
r-devel-linux-x86_64-debian-clang 0.2.5 28.79 41.98 70.77 NOTE
r-devel-linux-x86_64-debian-gcc 0.2.5 18.88 28.88 47.76 ERROR
r-devel-linux-x86_64-fedora-clang 0.2.5 101.71 NOTE
r-devel-linux-x86_64-fedora-gcc 0.2.5 92.44 NOTE
r-devel-windows-x86_64 0.2.5 23.00 69.00 92.00 NOTE
r-patched-linux-x86_64 0.2.5 22.78 39.24 62.02 NOTE
r-release-linux-x86_64 0.2.5 22.02 38.16 60.18 NOTE
r-release-macos-arm64 0.2.5 27.00 NOTE
r-release-macos-x86_64 0.2.5 57.00 NOTE
r-release-windows-x86_64 0.2.5 22.00 73.00 95.00 NOTE
r-oldrel-macos-arm64 0.2.5 33.00 NOTE
r-oldrel-macos-x86_64 0.2.5 48.00 NOTE
r-oldrel-windows-x86_64 0.2.5 24.00 85.00 109.00 NOTE

Check Details

Version: 0.2.5
Check: C++ specification
Result: NOTE Specified C++11: please drop specification unless essential Flavors: r-devel-linux-x86_64-debian-clang, r-devel-linux-x86_64-debian-gcc, r-devel-linux-x86_64-fedora-clang, r-devel-linux-x86_64-fedora-gcc, r-devel-windows-x86_64, r-patched-linux-x86_64, r-release-linux-x86_64, r-release-macos-arm64, r-release-macos-x86_64, r-release-windows-x86_64, r-oldrel-macos-arm64, r-oldrel-macos-x86_64, r-oldrel-windows-x86_64

Version: 0.2.5
Check: LazyData
Result: NOTE 'LazyData' is specified without a 'data' directory Flavors: r-devel-linux-x86_64-debian-clang, r-devel-linux-x86_64-debian-gcc, r-devel-linux-x86_64-fedora-clang, r-devel-linux-x86_64-fedora-gcc, r-devel-windows-x86_64, r-patched-linux-x86_64, r-release-linux-x86_64, r-release-macos-arm64, r-release-macos-x86_64, r-release-windows-x86_64, r-oldrel-macos-arm64, r-oldrel-macos-x86_64, r-oldrel-windows-x86_64

Version: 0.2.5
Check: package dependencies
Result: NOTE Package suggested but not available for checking: ‘ggplot2’ Flavor: r-devel-linux-x86_64-debian-gcc

Version: 0.2.5
Check: tests
Result: ERROR Running ‘tinytest.R’ [1s/2s] Running the tests in ‘tests/tinytest.R’ failed. Complete output: > if (requireNamespace("tinytest", quietly = TRUE)) { + tinytest::test_package("benchr") + } test-benchmark.R.............. 0 tests 0% 10 20 30 40 50 60 70 80 90 100% [----|----|----|----|----|----|----|----|----|----| **************************************************| test-benchmark.R.............. 0 tests test-benchmark.R.............. 1 tests <1b>[0;32mOK<1b>[0m test-benchmark.R.............. 2 tests <1b>[0;32mOK<1b>[0m test-benchmark.R.............. 3 tests <1b>[0;32mOK<1b>[0m test-benchmark.R.............. 4 tests <1b>[0;32mOK<1b>[0m test-benchmark.R.............. 5 tests <1b>[0;32mOK<1b>[0m test-benchmark.R.............. 6 tests <1b>[0;32mOK<1b>[0m test-benchmark.R.............. 7 tests <1b>[0;32mOK<1b>[0m test-benchmark.R.............. 8 tests <1b>[0;32mOK<1b>[0m test-benchmark.R.............. 9 tests <1b>[0;32mOK<1b>[0m test-benchmark.R.............. 10 tests <1b>[0;32mOK<1b>[0m test-benchmark.R.............. 11 tests <1b>[0;32mOK<1b>[0m test-benchmark.R.............. 12 tests <1b>[0;32mOK<1b>[0m test-benchmark.R.............. 13 tests <1b>[0;32mOK<1b>[0m test-benchmark.R.............. 14 tests <1b>[0;32mOK<1b>[0m test-benchmark.R.............. 15 tests <1b>[0;32mOK<1b>[0m test-benchmark.R.............. 16 tests <1b>[0;32mOK<1b>[0m test-benchmark.R.............. 17 tests <1b>[0;32mOK<1b>[0m test-benchmark.R.............. 18 tests <1b>[0;32mOK<1b>[0m test-benchmark.R.............. 19 tests <1b>[0;32mOK<1b>[0m test-benchmark.R.............. 20 tests <1b>[0;32mOK<1b>[0m test-benchmark.R.............. 21 tests <1b>[0;32mOK<1b>[0m 0% 10 20 30 40 50 60 70 80 90 100% [----|----|----|----|----|----|----|----|----|----| **************************************************| test-benchmark.R.............. 21 tests <1b>[0;32mOK<1b>[0m test-benchmark.R.............. 22 tests <1b>[0;32mOK<1b>[0m test-benchmark.R.............. 23 tests <1b>[0;32mOK<1b>[0m 0% 10 20 30 40 50 60 70 80 90 100% [----|----|----|----|----|----|----|----|----|----| **************************************************| test-benchmark.R.............. 23 tests <1b>[0;32mOK<1b>[0m test-benchmark.R.............. 24 tests <1b>[0;32mOK<1b>[0m test-benchmark.R.............. 25 tests <1b>[0;32mOK<1b>[0m 0% 10 20 30 40 50 60 70 80 90 100% [----|----|----|----|----|----|----|----|----|----| **************************************************| test-benchmark.R.............. 25 tests <1b>[0;32mOK<1b>[0m test-benchmark.R.............. 26 tests <1b>[0;32mOK<1b>[0m test-benchmark.R.............. 27 tests <1b>[0;32mOK<1b>[0m 0% 10 20 30 40 50 60 70 80 90 100% [----|----|----|----|----|----|----|----|----|----| **************************************************| test-benchmark.R.............. 27 tests <1b>[0;32mOK<1b>[0m test-benchmark.R.............. 28 tests <1b>[0;32mOK<1b>[0m test-benchmark.R.............. 29 tests <1b>[0;32mOK<1b>[0m test-benchmark.R.............. 30 tests <1b>[0;32mOK<1b>[0m <1b>[0;34m0.8s<1b>[0m test-dots.R................... 0 tests test-dots.R................... 1 tests <1b>[0;32mOK<1b>[0m test-dots.R................... 2 tests <1b>[0;32mOK<1b>[0m test-dots.R................... 3 tests <1b>[0;32mOK<1b>[0m test-dots.R................... 4 tests <1b>[0;32mOK<1b>[0m test-dots.R................... 5 tests <1b>[0;32mOK<1b>[0m test-dots.R................... 6 tests <1b>[0;32mOK<1b>[0m test-dots.R................... 7 tests <1b>[0;32mOK<1b>[0m test-dots.R................... 8 tests <1b>[0;32mOK<1b>[0m test-dots.R................... 9 tests <1b>[0;32mOK<1b>[0m test-dots.R................... 10 tests <1b>[0;32mOK<1b>[0m test-dots.R................... 11 tests <1b>[0;32mOK<1b>[0m test-dots.R................... 12 tests <1b>[0;32mOK<1b>[0m <1b>[0;36m8ms<1b>[0m test-format.R................. 0 tests 0% 10 20 30 40 50 60 70 80 90 100% [----|----|----|----|----|----|----|----|----|----| **************************************************| test-format.R................. 0 tests test-format.R................. 0 tests test-format.R................. 0 tests test-format.R................. 1 tests <1b>[0;32mOK<1b>[0m test-format.R................. 2 tests <1b>[0;32mOK<1b>[0m test-format.R................. 3 tests <1b>[0;32mOK<1b>[0m <1b>[0;34m0.1s<1b>[0m test-mean.R................... 0 tests 0% 10 20 30 40 50 60 70 80 90 100% [----|----|----|----|----|----|----|----|----|----| **************************************************| test-mean.R................... 0 tests test-mean.R................... 0 tests test-mean.R................... 1 tests <1b>[0;32mOK<1b>[0m test-mean.R................... 2 tests <1b>[0;32mOK<1b>[0m test-mean.R................... 3 tests <1b>[0;32mOK<1b>[0m test-mean.R................... 4 tests <1b>[0;32mOK<1b>[0m test-mean.R................... 5 tests <1b>[0;32mOK<1b>[0m test-mean.R................... 6 tests <1b>[0;32mOK<1b>[0m test-mean.R................... 7 tests <1b>[0;32mOK<1b>[0m test-mean.R................... 8 tests <1b>[0;32mOK<1b>[0m test-mean.R................... 9 tests <1b>[0;32mOK<1b>[0m test-mean.R................... 10 tests <1b>[0;32mOK<1b>[0m 0% 10 20 30 40 50 60 70 80 90 100% [----|----|----|----|----|----|----|----|----|----| **************************************************| test-mean.R................... 11 tests <1b>[0;32mOK<1b>[0m test-mean.R................... 12 tests <1b>[0;32mOK<1b>[0m test-mean.R................... 12 tests <1b>[0;32mOK<1b>[0m test-mean.R................... 13 tests <1b>[0;32mOK<1b>[0m test-mean.R................... 13 tests <1b>[0;32mOK<1b>[0m test-mean.R................... 14 tests <1b>[0;32mOK<1b>[0m test-mean.R................... 14 tests <1b>[0;32mOK<1b>[0m test-mean.R................... 15 tests <1b>[0;32mOK<1b>[0m test-mean.R................... 16 tests <1b>[0;32mOK<1b>[0m test-mean.R................... 16 tests <1b>[0;32mOK<1b>[0m test-mean.R................... 17 tests <1b>[0;32mOK<1b>[0m test-mean.R................... 18 tests <1b>[0;32mOK<1b>[0m 0% 10 20 30 40 50 60 70 80 90 100% [----|----|----|----|----|----|----|----|----|----| **************************************************| test-mean.R................... 18 tests <1b>[0;32mOK<1b>[0m test-mean.R................... 19 tests <1b>[0;32mOK<1b>[0m test-mean.R................... 20 tests <1b>[0;32mOK<1b>[0m test-mean.R................... 21 tests <1b>[0;32mOK<1b>[0m test-mean.R................... 22 tests <1b>[0;32mOK<1b>[0m 0% 10 20 30 40 50 60 70 80 90 100% [----|----|----|----|----|----|----|----|----|----| **************************************************| test-mean.R................... 22 tests <1b>[0;32mOK<1b>[0m test-mean.R................... 23 tests <1b>[0;32mOK<1b>[0m test-mean.R................... 24 tests <1b>[0;32mOK<1b>[0m <1b>[0;34m0.4s<1b>[0m test-order.R.................. 0 tests test-order.R.................. 0 tests test-order.R.................. 0 tests test-order.R.................. 0 tests test-order.R.................. 0 tests test-order.R.................. 0 tests test-order.R.................. 0 tests test-order.R.................. 0 tests test-order.R.................. 0 tests test-order.R.................. 1 tests <1b>[0;32mOK<1b>[0m test-order.R.................. 2 tests <1b>[0;32mOK<1b>[0m test-order.R.................. 3 tests <1b>[0;32mOK<1b>[0m test-order.R.................. 4 tests <1b>[0;32mOK<1b>[0m test-order.R.................. 5 tests <1b>[0;32mOK<1b>[0m test-order.R.................. 6 tests <1b>[0;32mOK<1b>[0m test-order.R.................. 7 tests <1b>[0;32mOK<1b>[0m test-order.R.................. 8 tests <1b>[0;32mOK<1b>[0m test-order.R.................. 9 tests <1b>[0;32mOK<1b>[0m test-order.R.................. 10 tests <1b>[0;32mOK<1b>[0m test-order.R.................. 11 tests <1b>[0;32mOK<1b>[0m <1b>[0;36m6ms<1b>[0m test-plot.R................... 0 tests Error in library(ggplot2) : there is no package called 'ggplot2' Calls: <Anonymous> ... run_test_dir -> lapply -> FUN -> eval -> eval -> library Execution halted Flavor: r-devel-linux-x86_64-debian-gcc