CRAN Package Check Results for Package berryFunctions

Last updated on 2022-01-28 05:48:50 CET.

Flavor Version Tinstall Tcheck Ttotal Status Flags
r-devel-linux-x86_64-debian-clang 1.20.1 9.99 107.77 117.76 OK
r-devel-linux-x86_64-debian-gcc 1.20.1 8.35 82.78 91.13 OK
r-devel-linux-x86_64-fedora-clang 1.20.1 148.90 NOTE
r-devel-linux-x86_64-fedora-gcc 1.20.1 136.44 OK
r-devel-windows-x86_64-new-UL 1.20.1 542.00 150.00 692.00 OK
r-devel-windows-x86_64-new-TK 1.20.1 OK
r-patched-linux-x86_64 1.20.1 14.38 103.89 118.27 OK
r-release-linux-x86_64 1.20.1 10.95 104.79 115.74 OK
r-release-macos-arm64 1.20.1 OK
r-release-macos-x86_64 1.20.1 OK
r-release-windows-ix86+x86_64 1.20.1 18.00 136.00 154.00 OK
r-oldrel-macos-x86_64 1.20.1 OK
r-oldrel-windows-ix86+x86_64 1.20.1 17.00 132.00 149.00 OK

Check Details

Version: 1.20.1
Check: Rd cross-references
Result: NOTE
    Undeclared package ‘zoo’ in Rd xrefs
Flavor: r-devel-linux-x86_64-fedora-clang