CRAN Package Check Results for Package betaDelta

Last updated on 2024-06-13 06:57:55 CEST.

Flavor Version Tinstall Tcheck Ttotal Status Flags
r-devel-linux-x86_64-debian-clang 1.0.5 2.72 31.51 34.23 OK
r-devel-linux-x86_64-debian-gcc 1.0.5 2.43 22.18 24.61 ERROR
r-devel-linux-x86_64-fedora-clang 1.0.5 43.06 OK
r-devel-linux-x86_64-fedora-gcc 1.0.5 40.98 OK
r-devel-windows-x86_64 1.0.5 4.00 47.00 51.00 OK
r-patched-linux-x86_64 1.0.5 3.43 29.40 32.83 OK
r-release-linux-x86_64 1.0.5 3.01 29.50 32.51 OK
r-release-macos-arm64 1.0.5 29.00 OK
r-release-macos-x86_64 1.0.5 27.00 OK
r-release-windows-x86_64 1.0.5 5.00 49.00 54.00 OK
r-oldrel-macos-arm64 1.0.5 36.00 OK
r-oldrel-macos-x86_64 1.0.5 48.00 OK
r-oldrel-windows-x86_64 1.0.5 3.00 59.00 62.00 OK

Check Details

Version: 1.0.5
Check: package dependencies
Result: NOTE Package suggested but not available for checking: ‘testthat’ Flavor: r-devel-linux-x86_64-debian-gcc

Version: 1.0.5
Check: tests
Result: ERROR Running ‘testthat.R’ [0s/1s] Running the tests in ‘tests/testthat.R’ failed. Complete output: > library(testthat) Error in library(testthat) : there is no package called 'testthat' Execution halted Flavor: r-devel-linux-x86_64-debian-gcc