CRAN Package Check Results for Package bfp

Last updated on 2022-08-15 05:49:16 CEST.

Flavor Version Tinstall Tcheck Ttotal Status Flags
r-devel-linux-x86_64-debian-clang 0.0-45 56.06 88.54 144.60 NOTE
r-devel-linux-x86_64-debian-gcc 0.0-45 45.14 57.66 102.80 NOTE
r-devel-linux-x86_64-fedora-clang 0.0-45 211.74 NOTE
r-devel-linux-x86_64-fedora-gcc 0.0-45 188.48 NOTE
r-devel-windows-x86_64 0.0-45 70.00 126.00 196.00 NOTE
r-patched-linux-x86_64 0.0-45 52.30 82.30 134.60 OK
r-release-linux-x86_64 0.0-45 48.17 80.91 129.08 OK
r-release-macos-arm64 0.0-45 44.00 OK
r-release-macos-x86_64 0.0-45 74.00 OK
r-release-windows-x86_64 0.0-45 67.00 139.00 206.00 OK
r-oldrel-macos-arm64 0.0-45 49.00 OK
r-oldrel-macos-x86_64 0.0-45 74.00 OK
r-oldrel-windows-ix86+x86_64 0.0-45 139.00 192.00 331.00 OK

Check Details

Version: 0.0-45
Check: Rd files
Result: NOTE
    checkRd: (-1) scrHpd.Rd:30: Escaped LaTeX specials: \&
Flavors: r-devel-linux-x86_64-debian-clang, r-devel-linux-x86_64-debian-gcc, r-devel-linux-x86_64-fedora-clang, r-devel-linux-x86_64-fedora-gcc, r-devel-windows-x86_64