CRAN Package Check Results for Package bibliometrix

Last updated on 2021-04-11 05:47:49 CEST.

Flavor Version Tinstall Tcheck Ttotal Status Flags
r-devel-linux-x86_64-debian-clang 3.0.4 21.17 200.87 222.04 OK
r-devel-linux-x86_64-debian-gcc 3.0.4 17.31 148.74 166.05 OK
r-devel-linux-x86_64-fedora-clang 3.0.4 267.11 NOTE
r-devel-linux-x86_64-fedora-gcc 3.0.4 255.68 OK
r-devel-windows-ix86+x86_64 3.0.4 32.00 169.00 201.00 OK
r-devel-windows-x86_64-gcc10-UCRT 3.0.4 OK
r-patched-linux-x86_64 3.0.4 19.61 184.72 204.33 OK
r-patched-solaris-x86 3.0.4 371.30 OK
r-release-linux-x86_64 3.0.4 19.39 185.76 205.15 OK
r-release-macos-x86_64 3.0.4 OK
r-release-windows-ix86+x86_64 3.0.4 50.00 243.00 293.00 OK
r-oldrel-macos-x86_64 3.0.4 OK
r-oldrel-windows-ix86+x86_64 3.0.4 40.00 219.00 259.00 OK

Check Details

Version: 3.0.4
Check: package dependencies
Result: NOTE
    Imports includes 21 non-default packages.
    Importing from so many packages makes the package vulnerable to any of
    them becoming unavailable. Move as many as possible to Suggests and
    use conditionally.
Flavor: r-devel-linux-x86_64-fedora-clang