CRAN Package Check Results for Package bikedata

Last updated on 2019-05-25 05:46:35 CEST.

Flavor Version Tinstall Tcheck Ttotal Status Flags
r-devel-linux-x86_64-debian-clang 0.2.3 130.23 95.89 226.12 OK
r-devel-linux-x86_64-debian-gcc 0.2.3 83.32 73.80 157.12 OK
r-devel-linux-x86_64-fedora-clang 0.2.3 318.09 NOTE
r-devel-linux-x86_64-fedora-gcc 0.2.3 254.48 OK
r-devel-windows-ix86+x86_64 0.2.3 223.00 221.00 444.00 NOTE
r-patched-linux-x86_64 0.2.3 OK
r-patched-solaris-x86 0.2.3 287.40 OK
r-release-linux-x86_64 0.2.3 93.84 93.20 187.04 OK
r-release-windows-ix86+x86_64 0.2.3 289.00 294.00 583.00 NOTE
r-release-osx-x86_64 0.2.3 NOTE
r-oldrel-windows-ix86+x86_64 0.2.3 269.00 216.00 485.00 NOTE
r-oldrel-osx-x86_64 0.2.3 NOTE

Additional issues

clang-UBSAN gcc-UBSAN valgrind

Check Details

Version: 0.2.3
Check: installed package size
Result: NOTE
     installed size is 11.5Mb
     sub-directories of 1Mb or more:
     doc 1.9Mb
     libs 8.8Mb
Flavors: r-devel-linux-x86_64-fedora-clang, r-devel-windows-ix86+x86_64, r-release-windows-ix86+x86_64, r-release-osx-x86_64, r-oldrel-windows-ix86+x86_64, r-oldrel-osx-x86_64