CRAN Package Check Results for Package bikedata

Last updated on 2019-08-25 05:46:43 CEST.

Flavor Version Tinstall Tcheck Ttotal Status Flags
r-devel-linux-x86_64-debian-clang 0.2.3 129.72 94.84 224.56 OK
r-devel-linux-x86_64-debian-gcc 0.2.3 84.36 73.01 157.37 OK
r-devel-linux-x86_64-fedora-clang 0.2.3 316.45 NOTE
r-devel-linux-x86_64-fedora-gcc 0.2.3 261.08 OK
r-devel-windows-ix86+x86_64 0.2.3 210.00 222.00 432.00 NOTE
r-patched-linux-x86_64 0.2.3 90.04 91.98 182.02 OK
r-patched-solaris-x86 0.2.3 296.10 OK
r-release-linux-x86_64 0.2.3 90.56 92.98 183.54 OK
r-release-windows-ix86+x86_64 0.2.3 307.00 289.00 596.00 NOTE
r-release-osx-x86_64 0.2.3 NOTE
r-oldrel-windows-ix86+x86_64 0.2.3 288.00 309.00 597.00 NOTE
r-oldrel-osx-x86_64 0.2.3 NOTE

Additional issues

clang-UBSAN gcc-UBSAN valgrind

Check Details

Version: 0.2.3
Check: installed package size
Result: NOTE
     installed size is 12.1Mb
     sub-directories of 1Mb or more:
     doc 1.9Mb
     libs 9.4Mb
Flavors: r-devel-linux-x86_64-fedora-clang, r-devel-windows-ix86+x86_64, r-release-windows-ix86+x86_64, r-release-osx-x86_64, r-oldrel-windows-ix86+x86_64, r-oldrel-osx-x86_64