CRAN Package Check Results for Package bikm1

Last updated on 2024-06-13 06:57:55 CEST.

Flavor Version Tinstall Tcheck Ttotal Status Flags
r-devel-linux-x86_64-debian-clang 1.1.0 16.04 104.74 120.78 OK
r-devel-linux-x86_64-debian-gcc 1.1.0 0.29 1.66 1.95 ERROR
r-devel-linux-x86_64-fedora-clang 1.1.0 149.26 OK
r-devel-linux-x86_64-fedora-gcc 1.1.0 141.29 OK
r-devel-windows-x86_64 1.1.0 16.00 98.00 114.00 OK
r-patched-linux-x86_64 1.1.0 19.63 96.45 116.08 OK
r-release-linux-x86_64 1.1.0 15.08 97.95 113.03 OK
r-release-macos-arm64 1.1.0 42.00 OK
r-release-macos-x86_64 1.1.0 64.00 OK
r-release-windows-x86_64 1.1.0 15.00 99.00 114.00 OK
r-oldrel-macos-arm64 1.1.0 45.00 OK
r-oldrel-macos-x86_64 1.1.0 79.00 OK
r-oldrel-windows-x86_64 1.1.0 19.00 117.00 136.00 OK

Check Details

Version: 1.1.0
Check: package dependencies
Result: ERROR Packages required but not available: 'ggplot2', 'reshape2' See section ‘The DESCRIPTION file’ in the ‘Writing R Extensions’ manual. Flavor: r-devel-linux-x86_64-debian-gcc