CRAN Package Check Results for Package binst

Last updated on 2024-06-13 06:57:55 CEST.

Flavor Version Tinstall Tcheck Ttotal Status Flags
r-devel-linux-x86_64-debian-clang 0.2.1 2.12 24.72 26.84 NOTE
r-devel-linux-x86_64-debian-gcc 0.2.1 1.61 18.29 19.90 ERROR
r-devel-linux-x86_64-fedora-clang 0.2.1 35.22 NOTE
r-devel-linux-x86_64-fedora-gcc 0.2.1 33.49 NOTE
r-devel-windows-x86_64 0.2.1 3.00 41.00 44.00 NOTE
r-patched-linux-x86_64 0.2.1 1.96 24.25 26.21 NOTE
r-release-linux-x86_64 0.2.1 2.05 24.37 26.42 NOTE
r-release-macos-arm64 0.2.1 15.00 NOTE
r-release-macos-x86_64 0.2.1 25.00 NOTE
r-release-windows-x86_64 0.2.1 4.00 42.00 46.00 NOTE
r-oldrel-macos-arm64 0.2.1 19.00 NOTE
r-oldrel-macos-x86_64 0.2.1 22.00 NOTE
r-oldrel-windows-x86_64 0.2.1 4.00 44.00 48.00 NOTE

Check Details

Version: 0.2.1
Check: LazyData
Result: NOTE 'LazyData' is specified without a 'data' directory Flavors: r-devel-linux-x86_64-debian-clang, r-devel-linux-x86_64-debian-gcc, r-devel-linux-x86_64-fedora-clang, r-devel-linux-x86_64-fedora-gcc, r-devel-windows-x86_64, r-patched-linux-x86_64, r-release-linux-x86_64, r-release-macos-arm64, r-release-macos-x86_64, r-release-windows-x86_64, r-oldrel-macos-arm64, r-oldrel-macos-x86_64, r-oldrel-windows-x86_64

Version: 0.2.1
Check: package dependencies
Result: NOTE Package suggested but not available for checking: ‘testthat’ Flavor: r-devel-linux-x86_64-debian-gcc

Version: 0.2.1
Check: tests
Result: ERROR Running ‘testthat.R’ [0s/1s] Running the tests in ‘tests/testthat.R’ failed. Complete output: > library(testthat) Error in library(testthat) : there is no package called 'testthat' Execution halted Flavor: r-devel-linux-x86_64-debian-gcc