CRAN Package Check Results for Package biogeo

Last updated on 2021-10-27 05:55:02 CEST.

Flavor Version Tinstall Tcheck Ttotal Status Flags
r-devel-linux-x86_64-debian-clang 1.0 31.24 268.88 300.12 NOTE
r-devel-linux-x86_64-debian-gcc 1.0 26.14 204.06 230.20 NOTE
r-devel-linux-x86_64-fedora-clang 1.0 373.82 NOTE
r-devel-linux-x86_64-fedora-gcc 1.0 368.59 NOTE
r-devel-windows-x86_64 1.0 49.00 333.00 382.00 OK
r-devel-windows-x86_64-gcc10-UCRT 1.0 OK
r-patched-linux-x86_64 1.0 32.49 264.40 296.89 NOTE
r-patched-solaris-x86 1.0 438.40 NOTE
r-release-linux-x86_64 1.0 35.08 263.80 298.88 NOTE
r-release-macos-arm64 1.0 OK
r-release-macos-x86_64 1.0 OK
r-release-windows-ix86+x86_64 1.0 56.00 346.00 402.00 OK
r-oldrel-macos-x86_64 1.0 OK
r-oldrel-windows-ix86+x86_64 1.0 49.00 226.00 275.00 OK

Check Details

Version: 1.0
Check: for non-standard things in the check directory
Result: NOTE
    Found the following files/directories:
     'pointshape.dbf' 'pointshape.shp' 'pointshape.shx'
Flavors: r-devel-linux-x86_64-debian-clang, r-devel-linux-x86_64-debian-gcc, r-devel-linux-x86_64-fedora-clang, r-devel-linux-x86_64-fedora-gcc, r-patched-linux-x86_64, r-patched-solaris-x86, r-release-linux-x86_64