CRAN Package Check Results for Package bios2mds

Last updated on 2024-06-13 06:57:55 CEST.

Flavor Version Tinstall Tcheck Ttotal Status Flags
r-devel-linux-x86_64-debian-clang 1.2.3 9.13 73.60 82.73 NOTE
r-devel-linux-x86_64-debian-gcc 1.2.3 7.36 55.99 63.35 NOTE
r-devel-linux-x86_64-fedora-clang 1.2.3 101.38 NOTE
r-devel-linux-x86_64-fedora-gcc 1.2.3 97.73 NOTE
r-devel-windows-x86_64 1.2.3 8.00 85.00 93.00 NOTE
r-patched-linux-x86_64 1.2.3 10.98 73.05 84.03 NOTE
r-release-linux-x86_64 1.2.3 9.18 71.45 80.63 NOTE
r-release-macos-arm64 1.2.3 34.00 NOTE
r-release-macos-x86_64 1.2.3 49.00 NOTE
r-release-windows-x86_64 1.2.3 10.00 85.00 95.00 NOTE
r-oldrel-macos-arm64 1.2.3 35.00 OK
r-oldrel-macos-x86_64 1.2.3 54.00 OK
r-oldrel-windows-x86_64 1.2.3 13.00 99.00 112.00 OK

Check Details

Version: 1.2.3
Check: Rd files
Result: NOTE checkRd: (-1) mmds.2D.multi.Rd:118: Lost braces 118 | a numeric value in inches indicating the height of graph outfile. Default differs by outfile.type. The resolution for tiff and png figures is 150 dpi. See \code{pdf}, code{tiff}, \code{png}, \code{postscript}. | ^ checkRd: (-1) mmds.2D.plot.Rd:134: Lost braces 134 | a numeric value in inches indicating the height of graph outfile. Default differs by outfile.type. The resolution for tiff and png figures is 150 dpi. See \code{pdf}, code{tiff}, \code{png}, \code{postscript}. | ^ Flavors: r-devel-linux-x86_64-debian-clang, r-devel-linux-x86_64-debian-gcc, r-devel-linux-x86_64-fedora-clang, r-devel-linux-x86_64-fedora-gcc, r-devel-windows-x86_64, r-patched-linux-x86_64, r-release-linux-x86_64, r-release-macos-arm64, r-release-macos-x86_64, r-release-windows-x86_64