CRAN Package Check Results for Package bisque

Last updated on 2019-12-09 05:47:07 CET.

Flavor Version Tinstall Tcheck Ttotal Status Flags
r-devel-linux-x86_64-debian-clang 1.0.1 118.46 40.85 159.31 OK
r-devel-linux-x86_64-debian-gcc 1.0.1 89.87 31.89 121.76 OK
r-devel-linux-x86_64-fedora-clang 1.0.1 230.91 NOTE
r-devel-linux-x86_64-fedora-gcc 1.0.1 225.26 OK
r-devel-windows-ix86+x86_64 1.0.1 238.00 117.00 355.00 OK
r-devel-windows-ix86+x86_64-gcc8 1.0.1 283.00 90.00 373.00 OK
r-patched-linux-x86_64 1.0.1 103.64 38.02 141.66 OK
r-patched-solaris-x86 1.0.1 213.50 OK
r-release-linux-x86_64 1.0.1 97.65 37.46 135.11 OK
r-release-windows-ix86+x86_64 1.0.1 265.00 79.00 344.00 OK
r-release-osx-x86_64 1.0.1 NOTE
r-oldrel-windows-ix86+x86_64 1.0.1 216.00 76.00 292.00 OK
r-oldrel-osx-x86_64 1.0.1 NOTE

Additional issues

LTO

Check Details

Version: 1.0.1
Check: installed package size
Result: NOTE
     installed size is 5.7Mb
     sub-directories of 1Mb or more:
     libs 5.5Mb
Flavors: r-devel-linux-x86_64-fedora-clang, r-release-osx-x86_64, r-oldrel-osx-x86_64