CRAN Package Check Results for Package bisque

Last updated on 2019-08-19 05:46:19 CEST.

Flavor Version Tinstall Tcheck Ttotal Status Flags
r-devel-linux-x86_64-debian-clang 1.0.1 105.59 39.53 145.12 OK
r-devel-linux-x86_64-debian-gcc 1.0.1 90.66 30.86 121.52 OK
r-devel-linux-x86_64-fedora-clang 1.0.1 228.33 NOTE
r-devel-linux-x86_64-fedora-gcc 1.0.1 222.28 OK
r-devel-windows-ix86+x86_64 1.0.1 305.00 131.00 436.00 OK
r-patched-linux-x86_64 1.0.1 100.10 37.99 138.09 OK
r-patched-solaris-x86 1.0.1 206.20 OK
r-release-linux-x86_64 1.0.1 98.32 38.52 136.84 OK
r-release-windows-ix86+x86_64 1.0.1 245.00 83.00 328.00 OK
r-release-osx-x86_64 1.0.1 NOTE
r-oldrel-windows-ix86+x86_64 1.0.1 297.00 105.00 402.00 OK
r-oldrel-osx-x86_64 1.0.1 NOTE

Additional issues

LTO

Check Details

Version: 1.0.1
Check: installed package size
Result: NOTE
     installed size is 5.7Mb
     sub-directories of 1Mb or more:
     libs 5.5Mb
Flavors: r-devel-linux-x86_64-fedora-clang, r-release-osx-x86_64, r-oldrel-osx-x86_64