CRAN Package Check Results for Package bit

Last updated on 2019-09-18 05:46:54 CEST.

Flavor Version Tinstall Tcheck Ttotal Status Flags
r-devel-linux-x86_64-debian-clang 1.1-14 5.24 28.25 33.49 OK
r-devel-linux-x86_64-debian-gcc 1.1-14 3.73 22.80 26.53 OK
r-devel-linux-x86_64-fedora-clang 1.1-14 43.16 NOTE
r-devel-linux-x86_64-fedora-gcc 1.1-14 41.13 NOTE
r-devel-windows-ix86+x86_64 1.1-14 15.00 72.00 87.00 OK
r-patched-linux-x86_64 1.1-14 4.38 29.08 33.46 OK
r-patched-solaris-x86 1.1-14 67.80 OK
r-release-linux-x86_64 1.1-14 5.04 28.82 33.86 OK
r-release-windows-ix86+x86_64 1.1-14 14.00 64.00 78.00 OK
r-release-osx-x86_64 1.1-14 OK
r-oldrel-windows-ix86+x86_64 1.1-14 12.00 46.00 58.00 OK
r-oldrel-osx-x86_64 1.1-14 OK

Additional issues

valgrind

Check Details

Version: 1.1-14
Check: compiled code
Result: NOTE
    File ‘bit/libs/bit.so’:
     Found no calls to: ‘R_registerRoutines’, ‘R_useDynamicSymbols’
    
    It is good practice to register native routines and to disable symbol
    search.
    
    See ‘Writing portable packages’ in the ‘Writing R Extensions’ manual.
Flavors: r-devel-linux-x86_64-fedora-clang, r-devel-linux-x86_64-fedora-gcc