CRAN Package Check Results for Package bizdays

Last updated on 2020-02-27 05:48:40 CET.

Flavor Version Tinstall Tcheck Ttotal Status Flags
r-devel-linux-x86_64-debian-clang 1.0.6 5.11 54.31 59.42 OK
r-devel-linux-x86_64-debian-gcc 1.0.6 4.36 41.69 46.05 OK
r-devel-linux-x86_64-fedora-clang 1.0.6 71.34 NOTE
r-devel-linux-x86_64-fedora-gcc 1.0.6 67.33 NOTE
r-devel-windows-ix86+x86_64 1.0.6 12.00 85.00 97.00 OK
r-devel-windows-ix86+x86_64-gcc8 1.0.6 12.00 90.00 102.00 OK
r-patched-linux-x86_64 1.0.6 4.00 48.93 52.93 OK
r-patched-solaris-x86 1.0.6 93.90 NOTE
r-release-linux-x86_64 1.0.6 3.96 49.77 53.73 OK
r-release-windows-ix86+x86_64 1.0.6 9.00 87.00 96.00 OK
r-release-osx-x86_64 1.0.6 OK
r-oldrel-windows-ix86+x86_64 1.0.6 8.00 83.00 91.00 OK
r-oldrel-osx-x86_64 1.0.6 NOTE

Check Details

Version: 1.0.6
Check: package dependencies
Result: NOTE
    Package suggested but not available for checking: ‘RQuantLib’
Flavors: r-devel-linux-x86_64-fedora-clang, r-devel-linux-x86_64-fedora-gcc, r-patched-solaris-x86, r-oldrel-osx-x86_64