CRAN Package Check Results for Package bmgarch

Last updated on 2020-11-28 05:51:02 CET.

Flavor Version Tinstall Tcheck Ttotal Status Flags
r-devel-linux-x86_64-debian-clang 1.0.0 1132.89 141.77 1274.66 NOTE
r-devel-linux-x86_64-debian-gcc 1.0.0 1777.22 143.64 1920.86 NOTE
r-devel-linux-x86_64-fedora-clang 1.0.0 1767.81 NOTE
r-devel-linux-x86_64-fedora-gcc 1.0.0 1858.92 NOTE
r-devel-windows-ix86+x86_64 1.0.0 2194.00 349.00 2543.00 NOTE
r-patched-linux-x86_64 1.0.0 1590.93 173.49 1764.42 NOTE
r-patched-solaris-x86 1.0.0 1501.50 NOTE
r-release-linux-x86_64 1.0.0 0.86 5.61 6.47 ERROR
r-release-macos-x86_64 1.0.0 ERROR
r-release-windows-ix86+x86_64 1.0.0 1591.00 261.00 1852.00 NOTE
r-oldrel-macos-x86_64 1.0.0 NOTE
r-oldrel-windows-ix86+x86_64 1.0.0 1801.00 274.00 2075.00 NOTE

Check Details

Version: 1.0.0
Check: for GNU extensions in Makefiles
Result: NOTE
    GNU make is a SystemRequirements.
Flavors: r-devel-linux-x86_64-debian-clang, r-devel-linux-x86_64-debian-gcc, r-devel-linux-x86_64-fedora-clang, r-devel-linux-x86_64-fedora-gcc, r-devel-windows-ix86+x86_64, r-patched-linux-x86_64, r-patched-solaris-x86, r-release-windows-ix86+x86_64, r-oldrel-macos-x86_64, r-oldrel-windows-ix86+x86_64

Version: 1.0.0
Check: installed package size
Result: NOTE
     installed size is 178.6Mb
     sub-directories of 1Mb or more:
     libs 177.9Mb
Flavors: r-devel-linux-x86_64-fedora-clang, r-devel-windows-ix86+x86_64, r-patched-solaris-x86, r-release-windows-ix86+x86_64, r-oldrel-macos-x86_64, r-oldrel-windows-ix86+x86_64

Version: 1.0.0
Check: whether package can be installed
Result: ERROR
    Installation failed.
Flavor: r-release-linux-x86_64

Version: 1.0.0
Check: package dependencies
Result: ERROR
    Package required and available but unsuitable version: ‘rstan’
    
    See section ‘The DESCRIPTION file’ in the ‘Writing R Extensions’
    manual.
Flavor: r-release-macos-x86_64