CRAN Package Check Results for Package bmlm

Last updated on 2021-01-22 05:50:23 CET.

Flavor Version Tinstall Tcheck Ttotal Status Flags
r-devel-linux-x86_64-debian-clang 1.3.11 162.85 98.13 260.98 NOTE
r-devel-linux-x86_64-debian-gcc 1.3.11 127.90 76.52 204.42 NOTE
r-devel-linux-x86_64-fedora-clang 1.3.11 342.50 NOTE
r-devel-linux-x86_64-fedora-gcc 1.3.11 345.16 NOTE
r-devel-windows-ix86+x86_64 1.3.11 347.00 197.00 544.00 NOTE
r-patched-linux-x86_64 1.3.11 124.41 95.53 219.94 NOTE
r-patched-solaris-x86 1.3.11 348.00 NOTE
r-release-linux-x86_64 1.3.11 117.07 97.44 214.51 NOTE
r-release-macos-x86_64 1.3.11 NOTE
r-release-windows-ix86+x86_64 1.3.11 329.00 203.00 532.00 NOTE
r-oldrel-macos-x86_64 1.3.11 NOTE
r-oldrel-windows-ix86+x86_64 1.3.11 234.00 132.00 366.00 NOTE

Check Details

Version: 1.3.11
Check: for GNU extensions in Makefiles
Result: NOTE
    GNU make is a SystemRequirements.
Flavors: r-devel-linux-x86_64-debian-clang, r-devel-linux-x86_64-debian-gcc, r-devel-linux-x86_64-fedora-clang, r-devel-linux-x86_64-fedora-gcc, r-devel-windows-ix86+x86_64, r-patched-linux-x86_64, r-patched-solaris-x86, r-release-linux-x86_64, r-release-macos-x86_64, r-release-windows-ix86+x86_64, r-oldrel-macos-x86_64, r-oldrel-windows-ix86+x86_64

Version: 1.3.11
Check: installed package size
Result: NOTE
     installed size is 40.2Mb
     sub-directories of 1Mb or more:
     libs 39.8Mb
Flavors: r-devel-linux-x86_64-fedora-clang, r-devel-windows-ix86+x86_64, r-release-macos-x86_64, r-release-windows-ix86+x86_64, r-oldrel-macos-x86_64