CRAN Package Check Results for Package bnormnlr

Last updated on 2019-08-19 05:46:19 CEST.

Flavor Version Tinstall Tcheck Ttotal Status Flags
r-devel-linux-x86_64-debian-clang 1.0 1.97 57.26 59.23 NOTE
r-devel-linux-x86_64-debian-gcc 1.0 1.75 41.78 43.53 NOTE
r-devel-linux-x86_64-fedora-clang 1.0 68.38 NOTE
r-devel-linux-x86_64-fedora-gcc 1.0 66.56 NOTE
r-devel-windows-ix86+x86_64 1.0 8.00 100.00 108.00 NOTE
r-patched-linux-x86_64 1.0 1.83 55.70 57.53 NOTE
r-patched-solaris-x86 1.0 92.30 NOTE
r-release-linux-x86_64 1.0 1.44 55.23 56.67 NOTE
r-release-windows-ix86+x86_64 1.0 4.00 68.00 72.00 NOTE
r-release-osx-x86_64 1.0 NOTE
r-oldrel-windows-ix86+x86_64 1.0 4.00 97.00 101.00 NOTE
r-oldrel-osx-x86_64 1.0 NOTE

Check Details

Version: 1.0
Check: R code for possible problems
Result: NOTE
    bnlr: no visible global function definition for 'dnorm'
    bnlr: no visible global function definition for 'runif'
    chainsum : <anonymous>: no visible global function definition for
     'quantile'
    infocrit: no visible global function definition for 'dnorm'
    Undefined global functions or variables:
     dnorm quantile runif
    Consider adding
     importFrom("stats", "dnorm", "quantile", "runif")
    to your NAMESPACE file.
Flavors: r-devel-linux-x86_64-debian-clang, r-devel-linux-x86_64-debian-gcc, r-devel-linux-x86_64-fedora-clang, r-devel-linux-x86_64-fedora-gcc, r-devel-windows-ix86+x86_64, r-patched-linux-x86_64, r-patched-solaris-x86, r-release-linux-x86_64, r-release-windows-ix86+x86_64, r-release-osx-x86_64, r-oldrel-windows-ix86+x86_64, r-oldrel-osx-x86_64