CRAN Package Check Results for Package bold

Last updated on 2020-02-20 05:48:16 CET.

Flavor Version Tinstall Tcheck Ttotal Status Flags
r-devel-linux-x86_64-debian-clang 0.9.0 4.46 61.49 65.95 OK
r-devel-linux-x86_64-debian-gcc 0.9.0 3.54 47.49 51.03 OK
r-devel-linux-x86_64-fedora-clang 0.9.0 78.56 OK
r-devel-linux-x86_64-fedora-gcc 0.9.0 76.97 OK
r-devel-windows-ix86+x86_64 0.9.0 10.00 77.00 87.00 OK
r-devel-windows-ix86+x86_64-gcc8 0.9.0 20.00 105.00 125.00 OK
r-patched-linux-x86_64 0.9.0 2.94 56.02 58.96 OK
r-patched-solaris-x86 0.9.0 117.00 OK
r-release-linux-x86_64 0.9.0 3.72 54.68 58.40 OK
r-release-windows-ix86+x86_64 0.9.0 8.00 72.00 80.00 OK
r-release-osx-x86_64 0.9.0 NOTE
r-oldrel-windows-ix86+x86_64 0.9.0 5.00 78.00 83.00 OK
r-oldrel-osx-x86_64 0.9.0 NOTE

Check Details

Version: 0.9.0
Check: package dependencies
Result: NOTE
    Package suggested but not available for checking: ‘sangerseqR’
Flavors: r-release-osx-x86_64, r-oldrel-osx-x86_64