CRAN Package Check Results for Package bold

Last updated on 2019-09-18 05:46:54 CEST.

Flavor Version Tinstall Tcheck Ttotal Status Flags
r-devel-linux-x86_64-debian-clang 0.9.0 3.70 54.99 58.69 OK
r-devel-linux-x86_64-debian-gcc 0.9.0 3.35 43.13 46.48 OK
r-devel-linux-x86_64-fedora-clang 0.9.0 73.07 OK
r-devel-linux-x86_64-fedora-gcc 0.9.0 68.94 OK
r-devel-windows-ix86+x86_64 0.9.0 13.00 75.00 88.00 OK
r-patched-linux-x86_64 0.9.0 3.57 54.15 57.72 OK
r-patched-solaris-x86 0.9.0 121.90 OK
r-release-linux-x86_64 0.9.0 3.77 53.94 57.71 OK
r-release-windows-ix86+x86_64 0.9.0 8.00 78.00 86.00 OK
r-release-osx-x86_64 0.9.0 NOTE
r-oldrel-windows-ix86+x86_64 0.9.0 7.00 76.00 83.00 OK
r-oldrel-osx-x86_64 0.9.0 NOTE

Check Details

Version: 0.9.0
Check: package dependencies
Result: NOTE
    Package suggested but not available for checking: ‘sangerseqR’
Flavors: r-release-osx-x86_64, r-oldrel-osx-x86_64