Last updated on 2022-08-12 05:52:42 CEST.
Flavor | Version | Tinstall | Tcheck | Ttotal | Status | Flags |
---|---|---|---|---|---|---|
r-devel-linux-x86_64-debian-clang | 0.5.0 | 57.96 | 105.48 | 163.44 | NOTE | |
r-devel-linux-x86_64-debian-gcc | 0.5.0 | 40.94 | 76.99 | 117.93 | NOTE | |
r-devel-linux-x86_64-fedora-clang | 0.5.0 | 218.61 | NOTE | |||
r-devel-linux-x86_64-fedora-gcc | 0.5.0 | 211.44 | NOTE | |||
r-devel-windows-x86_64 | 0.5.0 | 50.00 | 181.00 | 231.00 | NOTE | |
r-patched-linux-x86_64 | 0.5.0 | 45.59 | 103.87 | 149.46 | NOTE | |
r-release-linux-x86_64 | 0.5.0 | 47.62 | 104.73 | 152.35 | NOTE | |
r-release-macos-arm64 | 0.5.0 | 61.00 | NOTE | |||
r-release-macos-x86_64 | 0.5.0 | 77.00 | NOTE | |||
r-release-windows-x86_64 | 0.5.0 | 50.00 | 180.00 | 230.00 | NOTE | |
r-oldrel-macos-arm64 | 0.5.0 | 56.00 | NOTE | |||
r-oldrel-macos-x86_64 | 0.5.0 | 76.00 | NOTE | |||
r-oldrel-windows-ix86+x86_64 | 0.5.0 | 124.00 | 209.00 | 333.00 | NOTE |
Version: 0.5.0
Check: for GNU extensions in Makefiles
Result: NOTE
GNU make is a SystemRequirements.
Flavors: r-devel-linux-x86_64-debian-clang, r-devel-linux-x86_64-debian-gcc, r-devel-linux-x86_64-fedora-clang, r-devel-linux-x86_64-fedora-gcc, r-devel-windows-x86_64, r-patched-linux-x86_64, r-release-linux-x86_64, r-release-macos-arm64, r-release-macos-x86_64, r-release-windows-x86_64, r-oldrel-macos-arm64, r-oldrel-macos-x86_64, r-oldrel-windows-ix86+x86_64
Version: 0.5.0
Check: installed package size
Result: NOTE
installed size is 5.4Mb
sub-directories of 1Mb or more:
libs 5.0Mb
Flavors: r-release-macos-arm64, r-release-macos-x86_64, r-oldrel-macos-arm64, r-oldrel-macos-x86_64