CRAN Package Check Results for Package bqtl

Last updated on 2019-06-19 05:47:59 CEST.

Flavor Version Tinstall Tcheck Ttotal Status Flags
r-devel-linux-x86_64-debian-clang 1.0-32 12.61 37.75 50.36 OK
r-devel-linux-x86_64-debian-gcc 1.0-32 7.73 30.34 38.07 OK
r-devel-linux-x86_64-fedora-clang 1.0-32 59.04 NOTE
r-devel-linux-x86_64-fedora-gcc 1.0-32 54.79 NOTE
r-devel-windows-ix86+x86_64 1.0-32 29.00 60.00 89.00 OK
r-patched-linux-x86_64 1.0-32 10.45 38.11 48.56 OK
r-patched-solaris-x86 1.0-32 101.40 OK
r-release-linux-x86_64 1.0-32 10.59 38.55 49.14 OK
r-release-windows-ix86+x86_64 1.0-32 27.00 96.00 123.00 OK
r-release-osx-x86_64 1.0-32 OK
r-oldrel-windows-ix86+x86_64 1.0-32 28.00 48.00 76.00 OK
r-oldrel-osx-x86_64 1.0-32 OK

Check Details

Version: 1.0-32
Check: compiled code
Result: NOTE
    File ‘bqtl/libs/bqtl.so’:
     Found no calls to: ‘R_registerRoutines’, ‘R_useDynamicSymbols’
    
    It is good practice to register native routines and to disable symbol
    search.
    
    See ‘Writing portable packages’ in the ‘Writing R Extensions’ manual.
Flavors: r-devel-linux-x86_64-fedora-clang, r-devel-linux-x86_64-fedora-gcc