CRAN Package Check Results for Package bqtl

Last updated on 2019-01-16 05:59:33 CET.

Flavor Version Tinstall Tcheck Ttotal Status Flags
r-devel-linux-x86_64-debian-clang 1.0-32 9.40 36.13 45.53 OK
r-devel-linux-x86_64-debian-gcc 1.0-32 6.56 28.05 34.61 OK
r-devel-linux-x86_64-fedora-clang 1.0-32 54.98 NOTE
r-devel-linux-x86_64-fedora-gcc 1.0-32 50.61 NOTE
r-devel-windows-ix86+x86_64 1.0-32 27.00 53.00 80.00 OK
r-patched-linux-x86_64 1.0-32 8.87 34.19 43.06 OK
r-patched-solaris-x86 1.0-32 79.50 OK
r-release-linux-x86_64 1.0-32 8.46 33.69 42.15 OK
r-release-windows-ix86+x86_64 1.0-32 28.00 48.00 76.00 OK
r-release-osx-x86_64 1.0-32 OK
r-oldrel-windows-ix86+x86_64 1.0-32 23.00 51.00 74.00 OK
r-oldrel-osx-x86_64 1.0-32 OK

Check Details

Version: 1.0-32
Check: compiled code
Result: NOTE
    File ‘bqtl/libs/bqtl.so’:
     Found no calls to: ‘R_registerRoutines’, ‘R_useDynamicSymbols’
    
    It is good practice to register native routines and to disable symbol
    search.
    
    See ‘Writing portable packages’ in the ‘Writing R Extensions’ manual.
Flavors: r-devel-linux-x86_64-fedora-clang, r-devel-linux-x86_64-fedora-gcc