CRAN Package Check Results for Package brainGraph

Last updated on 2021-04-10 05:48:30 CEST.

Flavor Version Tinstall Tcheck Ttotal Status Flags
r-devel-linux-x86_64-debian-clang 3.0.0 28.90 138.42 167.32 OK
r-devel-linux-x86_64-debian-gcc 3.0.0 24.57 101.05 125.62 OK
r-devel-linux-x86_64-fedora-clang 3.0.0 200.09 OK
r-devel-linux-x86_64-fedora-gcc 3.0.0 187.96 OK
r-devel-windows-ix86+x86_64 3.0.0 35.00 115.00 150.00 OK
r-devel-windows-x86_64-gcc10-UCRT 3.0.0 OK
r-patched-linux-x86_64 3.0.0 29.49 121.84 151.33 OK
r-patched-solaris-x86 3.0.0 268.50 OK
r-release-linux-x86_64 3.0.0 OK
r-release-macos-x86_64 3.0.0 OK
r-release-windows-ix86+x86_64 3.0.0 35.00 162.00 197.00 OK
r-oldrel-macos-x86_64 3.0.0 NOTE
r-oldrel-windows-ix86+x86_64 3.0.0 45.00 143.00 188.00 OK

Check Details

Version: 3.0.0
Check: dependencies in R code
Result: NOTE
    No protocol specified
    
    (R:50062): Gtk-WARNING **: gtk_disable_setlocale() must be called before gtk_init()
    No protocol specified
Flavor: r-oldrel-macos-x86_64