CRAN Package Check Results for Package brew

Last updated on 2019-07-16 05:48:06 CEST.

Flavor Version Tinstall Tcheck Ttotal Status Flags
r-devel-linux-x86_64-debian-clang 1.0-6 1.72 16.85 18.57 NOTE
r-devel-linux-x86_64-debian-gcc 1.0-6 1.16 14.05 15.21 NOTE
r-devel-linux-x86_64-fedora-clang 1.0-6 22.62 NOTE
r-devel-linux-x86_64-fedora-gcc 1.0-6 21.40 NOTE
r-devel-windows-ix86+x86_64 1.0-6 4.00 29.00 33.00 OK
r-patched-linux-x86_64 1.0-6 1.54 16.82 18.36 OK
r-patched-solaris-x86 1.0-6 36.10 OK
r-release-linux-x86_64 1.0-6 1.50 16.97 18.47 OK
r-release-windows-ix86+x86_64 1.0-6 4.00 50.00 54.00 OK
r-release-osx-x86_64 1.0-6 OK
r-oldrel-windows-ix86+x86_64 1.0-6 3.00 25.00 28.00 OK
r-oldrel-osx-x86_64 1.0-6 OK

Check Details

Version: 1.0-6
Check: for non-standard things in the check directory
Result: NOTE
    Found the following files/directories:
     'brew-test-1-1.eps' 'brew-test-1-2.eps' 'brew-test-1.tex'
     'brew-test-2.html'
Flavors: r-devel-linux-x86_64-debian-clang, r-devel-linux-x86_64-debian-gcc, r-devel-linux-x86_64-fedora-clang, r-devel-linux-x86_64-fedora-gcc