CRAN Package Check Results for Package broom.mixed

Last updated on 2019-10-23 05:46:23 CEST.

Flavor Version Tinstall Tcheck Ttotal Status Flags
r-devel-linux-x86_64-debian-clang 0.2.4 10.28 143.31 153.59 NOTE
r-devel-linux-x86_64-debian-gcc 0.2.4 9.66 108.23 117.89 NOTE
r-devel-linux-x86_64-fedora-clang 0.2.4 189.20 NOTE
r-devel-linux-x86_64-fedora-gcc 0.2.4 183.99 NOTE
r-devel-windows-ix86+x86_64 0.2.4 22.00 151.00 173.00 NOTE
r-patched-linux-x86_64 0.2.4 10.82 137.74 148.56 NOTE
r-patched-solaris-x86 0.2.4 264.90 NOTE
r-release-linux-x86_64 0.2.4 9.95 139.64 149.59 NOTE
r-release-windows-ix86+x86_64 0.2.4 32.00 215.00 247.00 NOTE
r-release-osx-x86_64 0.2.4 NOTE
r-oldrel-windows-ix86+x86_64 0.2.4 18.00 211.00 229.00 NOTE
r-oldrel-osx-x86_64 0.2.4 NOTE

Check Details

Version: 0.2.4
Check: package dependencies
Result: NOTE
    Package suggested but not available for checking: 'glmmADMB'
Flavors: r-devel-linux-x86_64-debian-clang, r-devel-linux-x86_64-debian-gcc, r-devel-linux-x86_64-fedora-clang, r-devel-linux-x86_64-fedora-gcc, r-devel-windows-ix86+x86_64, r-patched-linux-x86_64, r-patched-solaris-x86, r-release-linux-x86_64, r-release-windows-ix86+x86_64, r-release-osx-x86_64, r-oldrel-windows-ix86+x86_64, r-oldrel-osx-x86_64