CRAN Package Check Results for Package broom.mixed

Last updated on 2019-07-16 05:48:06 CEST.

Flavor Version Tinstall Tcheck Ttotal Status Flags
r-devel-linux-x86_64-debian-clang 0.2.4 9.80 143.22 153.02 NOTE
r-devel-linux-x86_64-debian-gcc 0.2.4 9.42 110.23 119.65 NOTE
r-devel-linux-x86_64-fedora-clang 0.2.4 189.27 NOTE
r-devel-linux-x86_64-fedora-gcc 0.2.4 186.08 NOTE
r-devel-windows-ix86+x86_64 0.2.4 30.00 217.00 247.00 NOTE
r-patched-linux-x86_64 0.2.4 9.64 139.08 148.72 NOTE
r-patched-solaris-x86 0.2.4 282.70 NOTE
r-release-linux-x86_64 0.2.4 10.32 138.18 148.50 NOTE
r-release-windows-ix86+x86_64 0.2.4 20.00 207.00 227.00 NOTE
r-release-osx-x86_64 0.2.4 NOTE
r-oldrel-windows-ix86+x86_64 0.2.4 18.00 198.00 216.00 NOTE
r-oldrel-osx-x86_64 0.2.4 NOTE

Check Details

Version: 0.2.4
Check: package dependencies
Result: NOTE
    Package suggested but not available for checking: 'glmmADMB'
Flavors: r-devel-linux-x86_64-debian-clang, r-devel-linux-x86_64-debian-gcc, r-devel-linux-x86_64-fedora-clang, r-devel-linux-x86_64-fedora-gcc, r-devel-windows-ix86+x86_64, r-patched-linux-x86_64, r-patched-solaris-x86, r-release-linux-x86_64, r-release-windows-ix86+x86_64, r-release-osx-x86_64, r-oldrel-windows-ix86+x86_64, r-oldrel-osx-x86_64