Last updated on 2022-07-05 05:52:47 CEST.
Flavor | Version | Tinstall | Tcheck | Ttotal | Status | Flags |
---|---|---|---|---|---|---|
r-devel-linux-x86_64-debian-clang | 1.2 | 44.79 | 41.06 | 85.85 | OK | |
r-devel-linux-x86_64-debian-gcc | 1.2 | 30.47 | 32.73 | 63.20 | OK | |
r-devel-linux-x86_64-fedora-clang | 1.2 | 112.56 | NOTE | |||
r-devel-linux-x86_64-fedora-gcc | 1.2 | 102.94 | OK | |||
r-devel-windows-x86_64 | 1.2 | 58.00 | 74.00 | 132.00 | OK | |
r-patched-linux-x86_64 | 1.2 | 35.24 | 40.15 | 75.39 | OK | |
r-release-linux-x86_64 | 1.2 | 34.64 | 40.00 | 74.64 | OK | |
r-release-macos-arm64 | 1.2 | 34.00 | OK | |||
r-release-macos-x86_64 | 1.2 | 52.00 | OK | |||
r-release-windows-x86_64 | 1.2 | 54.00 | 70.00 | 124.00 | OK | |
r-oldrel-macos-arm64 | 1.2 | 38.00 | OK | |||
r-oldrel-macos-x86_64 | 1.2 | 62.00 | OK | |||
r-oldrel-windows-ix86+x86_64 | 1.2 | 77.00 | 66.00 | 143.00 | OK |
Version: 1.2
Check: installed package size
Result: NOTE
installed size is 5.1Mb
sub-directories of 1Mb or more:
bin 2.0Mb
doc 1.1Mb
libs 1.9Mb
Flavor: r-devel-linux-x86_64-fedora-clang