CRAN Package Check Results for Package bsam

Last updated on 2019-05-25 05:46:36 CEST.

Flavor Version Tinstall Tcheck Ttotal Status Flags
r-devel-linux-x86_64-debian-clang 1.1.2 9.23 75.32 84.55 OK
r-devel-linux-x86_64-debian-gcc 1.1.2 8.74 57.66 66.40 OK
r-devel-linux-x86_64-fedora-clang 1.1.2 99.83 NOTE
r-devel-linux-x86_64-fedora-gcc 1.1.2 96.09 NOTE
r-devel-windows-ix86+x86_64 1.1.2 21.00 86.00 107.00 OK
r-patched-linux-x86_64 1.1.2 OK
r-patched-solaris-x86 1.1.2 167.50 NOTE
r-release-linux-x86_64 1.1.2 8.61 72.11 80.72 OK
r-release-windows-ix86+x86_64 1.1.2 30.00 87.00 117.00 OK
r-release-osx-x86_64 1.1.2 NOTE
r-oldrel-windows-ix86+x86_64 1.1.2 16.00 83.00 99.00 OK
r-oldrel-osx-x86_64 1.1.2 NOTE

Check Details

Version: 1.1.2
Check: dependencies in R code
Result: NOTE
    Namespaces in Imports field not imported from:
     ‘rworldxtra’ ‘sp’
     All declared Imports should be used.
Flavors: r-devel-linux-x86_64-fedora-clang, r-devel-linux-x86_64-fedora-gcc, r-patched-solaris-x86, r-release-osx-x86_64, r-oldrel-osx-x86_64