CRAN Package Check Results for Package bsam

Last updated on 2019-08-25 05:46:44 CEST.

Flavor Version Tinstall Tcheck Ttotal Status Flags
r-devel-linux-x86_64-debian-clang 1.1.2 10.78 75.34 86.12 OK
r-devel-linux-x86_64-debian-gcc 1.1.2 9.10 57.27 66.37 OK
r-devel-linux-x86_64-fedora-clang 1.1.2 99.27 NOTE
r-devel-linux-x86_64-fedora-gcc 1.1.2 99.71 NOTE
r-devel-windows-ix86+x86_64 1.1.2 23.00 130.00 153.00 OK
r-patched-linux-x86_64 1.1.2 10.54 72.70 83.24 OK
r-patched-solaris-x86 1.1.2 154.10 NOTE
r-release-linux-x86_64 1.1.2 9.35 71.09 80.44 OK
r-release-windows-ix86+x86_64 1.1.2 29.00 130.00 159.00 OK
r-release-osx-x86_64 1.1.2 NOTE
r-oldrel-windows-ix86+x86_64 1.1.2 22.00 113.00 135.00 OK
r-oldrel-osx-x86_64 1.1.2 NOTE

Check Details

Version: 1.1.2
Check: dependencies in R code
Result: NOTE
    Namespaces in Imports field not imported from:
     ‘rworldxtra’ ‘sp’
     All declared Imports should be used.
Flavors: r-devel-linux-x86_64-fedora-clang, r-devel-linux-x86_64-fedora-gcc, r-patched-solaris-x86, r-release-osx-x86_64, r-oldrel-osx-x86_64