CRAN Package Check Results for Package bsem

Last updated on 2020-11-27 05:48:52 CET.

Flavor Version Tinstall Tcheck Ttotal Status Flags
r-devel-linux-x86_64-debian-clang 1.0.0 963.41 186.12 1149.53 NOTE
r-devel-linux-x86_64-debian-gcc 1.0.0 1633.07 175.90 1808.97 NOTE
r-devel-linux-x86_64-fedora-clang 1.0.0 1643.27 NOTE
r-devel-linux-x86_64-fedora-gcc 1.0.0 1767.77 NOTE
r-devel-windows-ix86+x86_64 1.0.0 789.00 7.00 796.00 ERROR
r-patched-linux-x86_64 1.0.0 1398.28 224.91 1623.19 NOTE
r-patched-solaris-x86 1.0.0 1485.00 NOTE
r-release-linux-x86_64 1.0.0 1405.65 221.50 1627.15 NOTE
r-release-macos-x86_64 1.0.0 NOTE
r-release-windows-ix86+x86_64 1.0.0 2145.00 442.00 2587.00 NOTE
r-oldrel-macos-x86_64 1.0.0 NOTE
r-oldrel-windows-ix86+x86_64 1.0.0 1630.00 319.00 1949.00 NOTE

Check Details

Version: 1.0.0
Check: for GNU extensions in Makefiles
Result: NOTE
    GNU make is a SystemRequirements.
Flavors: r-devel-linux-x86_64-debian-clang, r-devel-linux-x86_64-debian-gcc, r-devel-linux-x86_64-fedora-clang, r-devel-linux-x86_64-fedora-gcc, r-patched-linux-x86_64, r-patched-solaris-x86, r-release-linux-x86_64, r-release-macos-x86_64, r-release-windows-ix86+x86_64, r-oldrel-macos-x86_64, r-oldrel-windows-ix86+x86_64

Version: 1.0.0
Check: installed package size
Result: NOTE
     installed size is 149.2Mb
     sub-directories of 1Mb or more:
     doc 7.7Mb
     libs 140.7Mb
Flavors: r-devel-linux-x86_64-fedora-clang, r-patched-solaris-x86, r-release-macos-x86_64, r-release-windows-ix86+x86_64, r-oldrel-macos-x86_64, r-oldrel-windows-ix86+x86_64

Version: 1.0.0
Check: dependencies in R code
Result: NOTE
    Namespace in Imports field not imported from: ‘rstantools’
     All declared Imports should be used.
Flavors: r-devel-linux-x86_64-fedora-clang, r-devel-linux-x86_64-fedora-gcc, r-patched-solaris-x86, r-release-macos-x86_64, r-oldrel-macos-x86_64

Version: 1.0.0
Check: whether package can be installed
Result: ERROR
    Installation failed.
Flavor: r-devel-windows-ix86+x86_64